{"id":394,"date":"2021-11-25T16:47:17","date_gmt":"2021-11-25T19:47:17","guid":{"rendered":"https:\/\/germinal.com.br\/site\/?page_id=394"},"modified":"2025-03-15T06:12:57","modified_gmt":"2025-03-15T09:12:57","slug":"quem-somos","status":"publish","type":"page","link":"https:\/\/germinal.com.br\/site\/quem-somos\/","title":{"rendered":"Nossa hist\u00f3ria"},"content":{"rendered":"\n<p>O S\u00edtio Germinal \u00e9 uma propriedade rural dedicada \u00e0 pr\u00e1tica e divulga\u00e7\u00e3o de t\u00e9cnicas sustent\u00e1veis nos campos da agricultura, constru\u00e7\u00e3o e tecnologias rudimentares (<a href=\"https:\/\/lowtechlab.org\/fr\/la-low-tech\" target=\"_blank\" rel=\"noreferrer noopener\">low-tech<\/a>).<\/p>\n\n\n\n<p>A liga\u00e7\u00e3o com o <a rel=\"noreferrer noopener\" href=\"https:\/\/pt.wikipedia.org\/wiki\/Brejo_de_altitude\" target=\"_blank\">brejo paraibano<\/a> j\u00e1 vai pra l\u00e1 de 15 anos. Com o tempo se concentrou em <a rel=\"noreferrer noopener\" href=\"https:\/\/pt.wikipedia.org\/wiki\/Bananeiras\" target=\"_blank\">Bananeiras<\/a>. Foi natural pensar nessa regi\u00e3o, quando buscamos um lugar pra ir saindo da cidade. O terreno veio em 2011. <\/p>\n\n\n\n<p>Cerca. Po\u00e7o. Luz. O chal\u00e9. Em 2015 outra etapa importante, com a constru\u00e7\u00e3o da padaria artesanal. Durante tr\u00eas anos essa foi a principal atividade no s\u00edtio e respons\u00e1vel por colocar em pauta a vinda definitiva para c\u00e1, que desde ent\u00e3o se estabelece a cada dia.<\/p>\n\n\n\n<figure class=\"wp-block-gallery has-nested-images columns-default is-cropped wp-block-gallery-1 is-layout-flex wp-block-gallery-is-layout-flex\">\n<figure class=\"wp-block-image size-large\"><img loading=\"lazy\" decoding=\"async\" width=\"1024\" height=\"768\" data-id=\"395\" src=\"https:\/\/germinal.com.br\/site\/wp-content\/uploads\/2021\/11\/terreno_original-1024x768.jpg\" alt=\"\" class=\"wp-image-395\" srcset=\"https:\/\/germinal.com.br\/site\/wp-content\/uploads\/2021\/11\/terreno_original-1024x768.jpg 1024w, https:\/\/germinal.com.br\/site\/wp-content\/uploads\/2021\/11\/terreno_original-300x225.jpg 300w, https:\/\/germinal.com.br\/site\/wp-content\/uploads\/2021\/11\/terreno_original-768x576.jpg 768w, https:\/\/germinal.com.br\/site\/wp-content\/uploads\/2021\/11\/terreno_original-1536x1152.jpg 1536w, https:\/\/germinal.com.br\/site\/wp-content\/uploads\/2021\/11\/terreno_original-2048x1536.jpg 2048w\" sizes=\"auto, (max-width: 1024px) 100vw, 1024px\" \/><\/figure>\n\n\n\n<figure class=\"wp-block-image size-large\"><img decoding=\"async\" src=\"https:\/\/germinal.com.br\/site\/wp-content\/uploads\/2021\/11\/P5280044-1024x768.jpg\" alt=\"\"\/><\/figure>\n<figcaption class=\"blocks-gallery-caption wp-element-caption\">  <strong>Esq:<\/strong> <em>Em 2011, uma tela em branco.<\/em> &#8211; <strong>Dir:<\/strong> <em>Estrada de terra. Constru\u00e7\u00e3o da padaria.<\/em> <\/figcaption><\/figure>\n\n\n\n<div style=\"height:30px\" aria-hidden=\"true\" class=\"wp-block-spacer\"><\/div>\n\n\n<div class=\"wp-block-image is-resized\">\n<figure class=\"alignright size-large\"><img decoding=\"async\" src=\"https:\/\/germinal.com.br\/site\/wp-content\/uploads\/2022\/11\/post-padaria-sitio-jan2018-200x300.jpg\" alt=\"\" style=\"width:171px;height:auto\"\/><\/figure>\n<\/div>\n\n\n<p>Entre 2017\/18 a padaria fechou as portas. Desde ent\u00e3o, nos aproximamos das t\u00e9cnicas sustent\u00e1veis da <a rel=\"noreferrer noopener\" href=\"https:\/\/pt.wikipedia.org\/wiki\/Permacultura\" target=\"_blank\">permacultura<\/a> e isso foi se tornando refer\u00eancia para tudo o que acontece aqui. <\/p>\n\n\n\n<p>Ao longo do tempo reformas foram feitas, aproveitando a estrutura que j\u00e1 existia, bioconstruindo algo mais, at\u00e9 chegar ao que temos hoje.<\/p>\n\n\n\n<p class=\"has-large-font-size\">\ud83c\udf3c<\/p>\n\n\n\n<figure class=\"wp-block-gallery has-nested-images columns-default is-cropped wp-block-gallery-2 is-layout-flex wp-block-gallery-is-layout-flex\">\n<figure class=\"wp-block-image size-large\"><img decoding=\"async\" src=\"https:\/\/germinal.com.br\/site\/wp-content\/uploads\/2021\/11\/DSCN2317-1024x768.jpg\" alt=\"\"\/><\/figure>\n\n\n\n<figure class=\"wp-block-image size-large\"><img decoding=\"async\" src=\"https:\/\/germinal.com.br\/site\/wp-content\/uploads\/2021\/11\/20211121_095157-768x1024.jpg\" alt=\"\"\/><\/figure>\n\n\n\n<figure class=\"wp-block-image size-large\"><img decoding=\"async\" src=\"https:\/\/germinal.com.br\/site\/wp-content\/uploads\/2021\/11\/DSCN2318-1024x768.jpg\" alt=\"\"\/><\/figure>\n\n\n\n<figure class=\"wp-block-image size-large\"><img decoding=\"async\" src=\"https:\/\/germinal.com.br\/site\/wp-content\/uploads\/2021\/11\/panoramica_02-1024x354.jpg\" alt=\"\"\/><\/figure>\n\n\n\n<figure class=\"wp-block-image size-large\"><img decoding=\"async\" src=\"https:\/\/germinal.com.br\/site\/wp-content\/uploads\/2021\/11\/20211002_164908-1024x768.jpg\" alt=\"\"\/><\/figure>\n\n\n\n<figure class=\"wp-block-image size-large\"><img decoding=\"async\" src=\"https:\/\/germinal.com.br\/site\/wp-content\/uploads\/2021\/11\/20211002_165150-768x1024.jpg\" alt=\"\"\/><\/figure>\n\n\n\n<figure class=\"wp-block-image size-large\"><img loading=\"lazy\" decoding=\"async\" width=\"1024\" height=\"576\" data-id=\"2012\" src=\"https:\/\/germinal.com.br\/site\/wp-content\/uploads\/2025\/03\/20240917_121214_web-1024x576.jpg\" alt=\"\" class=\"wp-image-2012\" srcset=\"https:\/\/germinal.com.br\/site\/wp-content\/uploads\/2025\/03\/20240917_121214_web-1024x576.jpg 1024w, https:\/\/germinal.com.br\/site\/wp-content\/uploads\/2025\/03\/20240917_121214_web-300x169.jpg 300w, https:\/\/germinal.com.br\/site\/wp-content\/uploads\/2025\/03\/20240917_121214_web-768x432.jpg 768w, https:\/\/germinal.com.br\/site\/wp-content\/uploads\/2025\/03\/20240917_121214_web-1536x864.jpg 1536w, https:\/\/germinal.com.br\/site\/wp-content\/uploads\/2025\/03\/20240917_121214_web.jpg 1600w\" sizes=\"auto, (max-width: 1024px) 100vw, 1024px\" \/><\/figure>\n\n\n\n<figure class=\"wp-block-image size-large\"><img decoding=\"async\" src=\"https:\/\/germinal.com.br\/site\/wp-content\/uploads\/2021\/11\/20210924_101643-768x1024.jpg\" alt=\"\"\/><\/figure>\n\n\n\n<figure class=\"wp-block-image size-large\"><img decoding=\"async\" src=\"https:\/\/germinal.com.br\/site\/wp-content\/uploads\/2021\/11\/20210924_101620-1024x768.jpg\" alt=\"\"\/><\/figure>\n<\/figure>\n","protected":false},"excerpt":{"rendered":"<p>O S\u00edtio Germinal \u00e9 uma propriedade rural dedicada \u00e0 pr\u00e1tica e divulga\u00e7\u00e3o de t\u00e9cnicas sustent\u00e1veis nos campos da agricultura, constru\u00e7\u00e3o e tecnologias rudimentares (low-tech). A liga\u00e7\u00e3o com o brejo paraibano j\u00e1 vai pra l\u00e1 de 15 anos. Com o tempo se concentrou em Bananeiras. Foi natural pensar nessa regi\u00e3o, quando buscamos um lugar pra ir&hellip;&nbsp;<a href=\"https:\/\/germinal.com.br\/site\/quem-somos\/\" rel=\"bookmark\">Continue a ler &raquo;<span class=\"screen-reader-text\">Nossa hist\u00f3ria<\/span><\/a><\/p>\n","protected":false},"author":1,"featured_media":0,"parent":0,"menu_order":0,"comment_status":"closed","ping_status":"closed","template":"","meta":{"neve_meta_sidebar":"right","neve_meta_container":"","neve_meta_enable_content_width":"on","neve_meta_content_width":70,"neve_meta_title_alignment":"","neve_meta_author_avatar":"","neve_post_elements_order":"","neve_meta_disable_header":"","neve_meta_disable_footer":"","neve_meta_disable_title":"","footnotes":""},"class_list":["post-394","page","type-page","status-publish","hentry"],"featured_image_src":null,"_links":{"self":[{"href":"https:\/\/germinal.com.br\/site\/wp-json\/wp\/v2\/pages\/394","targetHints":{"allow":["GET"]}}],"collection":[{"href":"https:\/\/germinal.com.br\/site\/wp-json\/wp\/v2\/pages"}],"about":[{"href":"https:\/\/germinal.com.br\/site\/wp-json\/wp\/v2\/types\/page"}],"author":[{"embeddable":true,"href":"https:\/\/germinal.com.br\/site\/wp-json\/wp\/v2\/users\/1"}],"replies":[{"embeddable":true,"href":"https:\/\/germinal.com.br\/site\/wp-json\/wp\/v2\/comments?post=394"}],"version-history":[{"count":35,"href":"https:\/\/germinal.com.br\/site\/wp-json\/wp\/v2\/pages\/394\/revisions"}],"predecessor-version":[{"id":2013,"href":"https:\/\/germinal.com.br\/site\/wp-json\/wp\/v2\/pages\/394\/revisions\/2013"}],"wp:attachment":[{"href":"https:\/\/germinal.com.br\/site\/wp-json\/wp\/v2\/media?parent=394"}],"curies":[{"name":"wp","href":"https:\/\/api.w.org\/{rel}","templated":true}]}}

Nossa história

<p>O Sítio Germinal é uma propriedade rural dedicada à prática e divulgação de técnicas sustentáveis nos campos da agricultura, construção e tecnologias rudimentares (<a href="https://lowtechlab.org/fr/la-low-tech" target="_blank" rel="noreferrer noopener">low-tech</a>).</p>



<p>A ligação com o <a rel="noreferrer noopener" href="https://pt.wikipedia.org/wiki/Brejo_de_altitude" target="_blank">brejo paraibano</a> já vai pra lá de 15 anos. Com o tempo se concentrou em <a rel="noreferrer noopener" href="https://pt.wikipedia.org/wiki/Bananeiras" target="_blank">Bananeiras</a>. Foi natural pensar nessa região, quando buscamos um lugar pra ir saindo da cidade. O terreno veio em 2011. </p>



<p>Cerca. Poço. Luz. O chalé. Em 2015 outra etapa importante, com a construção da padaria artesanal. Durante três anos essa foi a principal atividade no sítio e responsável por colocar em pauta a vinda definitiva para cá, que desde então se estabelece a cada dia.</p>



<figure class="wp-block-gallery has-nested-images columns-default is-cropped wp-block-gallery-1 is-layout-flex wp-block-gallery-is-layout-flex">
<figure class="wp-block-image size-large"><img loading="lazy" decoding="async" width="1024" height="768" data-id="395" src="https://germinal.com.br/site/wp-content/uploads/2021/11/terreno_original-1024x768.jpg" alt="" class="wp-image-395" srcset="https://germinal.com.br/site/wp-content/uploads/2021/11/terreno_original-1024x768.jpg 1024w, https://germinal.com.br/site/wp-content/uploads/2021/11/terreno_original-300x225.jpg 300w, https://germinal.com.br/site/wp-content/uploads/2021/11/terreno_original-768x576.jpg 768w, https://germinal.com.br/site/wp-content/uploads/2021/11/terreno_original-1536x1152.jpg 1536w, https://germinal.com.br/site/wp-content/uploads/2021/11/terreno_original-2048x1536.jpg 2048w" sizes="auto, (max-width: 1024px) 100vw, 1024px" /></figure>



<figure class="wp-block-image size-large"><img decoding="async" src="https://germinal.com.br/site/wp-content/uploads/2021/11/P5280044-1024x768.jpg" alt=""/></figure>
<figcaption class="blocks-gallery-caption wp-element-caption">  <strong>Esq:</strong> <em>Em 2011, uma tela em branco.</em> &#8211; <strong>Dir:</strong> <em>Estrada de terra. Construção da padaria.</em> </figcaption></figure>



<div style="height:30px" aria-hidden="true" class="wp-block-spacer"></div>


<div class="wp-block-image is-resized">
<figure class="alignright size-large"><img decoding="async" src="https://germinal.com.br/site/wp-content/uploads/2022/11/post-padaria-sitio-jan2018-200x300.jpg" alt="" style="width:171px;height:auto"/></figure>
</div>


<p>Entre 2017/18 a padaria fechou as portas. Desde então, nos aproximamos das técnicas sustentáveis da <a rel="noreferrer noopener" href="https://pt.wikipedia.org/wiki/Permacultura" target="_blank">permacultura</a> e isso foi se tornando referência para tudo o que acontece aqui. </p>



<p>Ao longo do tempo reformas foram feitas, aproveitando a estrutura que já existia, bioconstruindo algo mais, até chegar ao que temos hoje.</p>



<p class="has-large-font-size">🌼</p>



<figure class="wp-block-gallery has-nested-images columns-default is-cropped wp-block-gallery-2 is-layout-flex wp-block-gallery-is-layout-flex">
<figure class="wp-block-image size-large"><img decoding="async" src="https://germinal.com.br/site/wp-content/uploads/2021/11/DSCN2317-1024x768.jpg" alt=""/></figure>



<figure class="wp-block-image size-large"><img decoding="async" src="https://germinal.com.br/site/wp-content/uploads/2021/11/20211121_095157-768x1024.jpg" alt=""/></figure>



<figure class="wp-block-image size-large"><img decoding="async" src="https://germinal.com.br/site/wp-content/uploads/2021/11/DSCN2318-1024x768.jpg" alt=""/></figure>



<figure class="wp-block-image size-large"><img decoding="async" src="https://germinal.com.br/site/wp-content/uploads/2021/11/panoramica_02-1024x354.jpg" alt=""/></figure>



<figure class="wp-block-image size-large"><img decoding="async" src="https://germinal.com.br/site/wp-content/uploads/2021/11/20211002_164908-1024x768.jpg" alt=""/></figure>



<figure class="wp-block-image size-large"><img decoding="async" src="https://germinal.com.br/site/wp-content/uploads/2021/11/20211002_165150-768x1024.jpg" alt=""/></figure>



<figure class="wp-block-image size-large"><img loading="lazy" decoding="async" width="1024" height="576" data-id="2012" src="https://germinal.com.br/site/wp-content/uploads/2025/03/20240917_121214_web-1024x576.jpg" alt="" class="wp-image-2012" srcset="https://germinal.com.br/site/wp-content/uploads/2025/03/20240917_121214_web-1024x576.jpg 1024w, https://germinal.com.br/site/wp-content/uploads/2025/03/20240917_121214_web-300x169.jpg 300w, https://germinal.com.br/site/wp-content/uploads/2025/03/20240917_121214_web-768x432.jpg 768w, https://germinal.com.br/site/wp-content/uploads/2025/03/20240917_121214_web-1536x864.jpg 1536w, https://germinal.com.br/site/wp-content/uploads/2025/03/20240917_121214_web.jpg 1600w" sizes="auto, (max-width: 1024px) 100vw, 1024px" /></figure>



<figure class="wp-block-image size-large"><img decoding="async" src="https://germinal.com.br/site/wp-content/uploads/2021/11/20210924_101643-768x1024.jpg" alt=""/></figure>



<figure class="wp-block-image size-large"><img decoding="async" src="https://germinal.com.br/site/wp-content/uploads/2021/11/20210924_101620-1024x768.jpg" alt=""/></figure>
</figure>

<p>O Sítio Germinal é uma propriedade rural dedicada à prática e divulgação de técnicas sustentáveis nos campos da agricultura, construção e tecnologias rudimentares (low-tech). A ligação com o brejo paraibano já vai pra lá de 15 anos. Com o tempo se concentrou em Bananeiras. Foi natural pensar nessa região, quando buscamos um lugar pra ir&hellip;&nbsp;<a href="https://germinal.com.br/site/quem-somos/" rel="bookmark">Continue a ler &raquo;<span class="screen-reader-text">Nossa história</span></a></p>
