{"id":602,"date":"2021-12-07T09:39:51","date_gmt":"2021-12-07T12:39:51","guid":{"rendered":"https:\/\/germinal.com.br\/site\/?page_id=602"},"modified":"2023-07-02T08:59:44","modified_gmt":"2023-07-02T11:59:44","slug":"fornos-de-padaria","status":"publish","type":"page","link":"https:\/\/germinal.com.br\/site\/fornos-de-padaria\/","title":{"rendered":"Fornos de padaria"},"content":{"rendered":"\n<p>Essa p\u00e1gina est\u00e1 baseada nas pesquisas de J. Guilherme Rolim, iniciadas em 1982 em Ouro Preto e se estendendo at\u00e9 os dias de hoje, no S\u00edtio Germinal.<\/p>\n\n\n<div class=\"wp-block-image\">\n<figure class=\"alignleft size-full is-resized\"><img loading=\"lazy\" decoding=\"async\" src=\"https:\/\/germinal.com.br\/site\/wp-content\/uploads\/2021\/12\/MVC-654F.jpg\" alt=\"Forno tradicional em Florian\u00f3polis, SC\" class=\"wp-image-615\" width=\"312\" height=\"234\" srcset=\"https:\/\/germinal.com.br\/site\/wp-content\/uploads\/2021\/12\/MVC-654F.jpg 640w, https:\/\/germinal.com.br\/site\/wp-content\/uploads\/2021\/12\/MVC-654F-300x225.jpg 300w\" sizes=\"auto, (max-width: 312px) 100vw, 312px\" \/><\/figure>\n<\/div>\n\n\n<p>Tudo come\u00e7a em uma padaria antiga, na rua Bernardo de Vasconcelos, bairro Ant\u00f4nio Dias, Ouro Preto, MG. Ali existiam dois grandes fornos, constru\u00eddos entre o final do s\u00e9culo XIX e in\u00edcio do XX, um dos quais ainda em pleno uso na d\u00e9cada de 1980. Seu princ\u00edpio de funcionamento e elementos b\u00e1sicos de constru\u00e7\u00e3o eram os mesmos utilizados desde a antiguidade. Coloca-se fogo na c\u00e2mara, que \u00e9 aquecida at\u00e9 &#8220;branquear&#8221;, quando ent\u00e3o a c\u00e2mara \u00e9 fechada e o fogo retirado, ou extinto. O calor penetra a estrutura e mais tarde o forno \u00e9 utilizado para assar alimentos.<\/p>\n\n\n<div class=\"wp-block-image\">\n<figure class=\"alignright size-full is-resized\"><img loading=\"lazy\" decoding=\"async\" src=\"https:\/\/germinal.com.br\/site\/wp-content\/uploads\/2021\/12\/forno_gr_lateral.gif\" alt=\"forno_gr_lateral\" class=\"wp-image-616\" width=\"287\" height=\"180\"\/><\/figure>\n<\/div>\n\n\n<p>O forno de Ouro Preto tinha 6m de di\u00e2metro, duas fornalhas, condutos de calor por dentro da base, fazendo a fuma\u00e7a circular, antes de sair pela chamin\u00e9. <\/p>\n\n\n\n<p>A grande ab\u00f3bada era coberta de areia, contida por paredes externas de alvenaria. Portas de ferro fundido.<\/p>\n\n\n\n<div style=\"height:10px\" aria-hidden=\"true\" class=\"wp-block-spacer\"><\/div>\n\n\n\n<figure class=\"wp-block-gallery has-nested-images columns-default is-cropped wp-block-gallery-1 is-layout-flex wp-block-gallery-is-layout-flex\">\n<figure class=\"wp-block-image size-large\"><img loading=\"lazy\" decoding=\"async\" width=\"1024\" height=\"687\" data-id=\"618\" src=\"https:\/\/germinal.com.br\/site\/wp-content\/uploads\/2021\/12\/forno_padaria-bairro-antonio-dias_ouropreto-mg_1-1024x687.jpg\" alt=\"\" class=\"wp-image-618\" srcset=\"https:\/\/germinal.com.br\/site\/wp-content\/uploads\/2021\/12\/forno_padaria-bairro-antonio-dias_ouropreto-mg_1-1024x687.jpg 1024w, https:\/\/germinal.com.br\/site\/wp-content\/uploads\/2021\/12\/forno_padaria-bairro-antonio-dias_ouropreto-mg_1-300x201.jpg 300w, https:\/\/germinal.com.br\/site\/wp-content\/uploads\/2021\/12\/forno_padaria-bairro-antonio-dias_ouropreto-mg_1-768x515.jpg 768w, https:\/\/germinal.com.br\/site\/wp-content\/uploads\/2021\/12\/forno_padaria-bairro-antonio-dias_ouropreto-mg_1-1536x1031.jpg 1536w, https:\/\/germinal.com.br\/site\/wp-content\/uploads\/2021\/12\/forno_padaria-bairro-antonio-dias_ouropreto-mg_1.jpg 1782w\" sizes=\"auto, (max-width: 1024px) 100vw, 1024px\" \/><\/figure>\n\n\n\n<figure class=\"wp-block-image size-large\"><img loading=\"lazy\" decoding=\"async\" width=\"1024\" height=\"684\" data-id=\"619\" src=\"https:\/\/germinal.com.br\/site\/wp-content\/uploads\/2021\/12\/forno_padaria-bairro-antonio-dias_ouropreto-mg_2-1024x684.jpg\" alt=\"\" class=\"wp-image-619\" srcset=\"https:\/\/germinal.com.br\/site\/wp-content\/uploads\/2021\/12\/forno_padaria-bairro-antonio-dias_ouropreto-mg_2-1024x684.jpg 1024w, https:\/\/germinal.com.br\/site\/wp-content\/uploads\/2021\/12\/forno_padaria-bairro-antonio-dias_ouropreto-mg_2-300x201.jpg 300w, https:\/\/germinal.com.br\/site\/wp-content\/uploads\/2021\/12\/forno_padaria-bairro-antonio-dias_ouropreto-mg_2-768x513.jpg 768w, https:\/\/germinal.com.br\/site\/wp-content\/uploads\/2021\/12\/forno_padaria-bairro-antonio-dias_ouropreto-mg_2-1536x1027.jpg 1536w, https:\/\/germinal.com.br\/site\/wp-content\/uploads\/2021\/12\/forno_padaria-bairro-antonio-dias_ouropreto-mg_2-930x620.jpg 930w, https:\/\/germinal.com.br\/site\/wp-content\/uploads\/2021\/12\/forno_padaria-bairro-antonio-dias_ouropreto-mg_2.jpg 1788w\" sizes=\"auto, (max-width: 1024px) 100vw, 1024px\" \/><\/figure>\n\n\n\n<figure class=\"wp-block-image size-large\"><img loading=\"lazy\" decoding=\"async\" width=\"1024\" height=\"681\" data-id=\"620\" src=\"https:\/\/germinal.com.br\/site\/wp-content\/uploads\/2021\/12\/forno_padaria-bairro-antonio-dias_ouropreto-mg_4-1024x681.jpg\" alt=\"\" class=\"wp-image-620\" srcset=\"https:\/\/germinal.com.br\/site\/wp-content\/uploads\/2021\/12\/forno_padaria-bairro-antonio-dias_ouropreto-mg_4-1024x681.jpg 1024w, https:\/\/germinal.com.br\/site\/wp-content\/uploads\/2021\/12\/forno_padaria-bairro-antonio-dias_ouropreto-mg_4-300x200.jpg 300w, https:\/\/germinal.com.br\/site\/wp-content\/uploads\/2021\/12\/forno_padaria-bairro-antonio-dias_ouropreto-mg_4-768x511.jpg 768w, https:\/\/germinal.com.br\/site\/wp-content\/uploads\/2021\/12\/forno_padaria-bairro-antonio-dias_ouropreto-mg_4-1536x1022.jpg 1536w, https:\/\/germinal.com.br\/site\/wp-content\/uploads\/2021\/12\/forno_padaria-bairro-antonio-dias_ouropreto-mg_4.jpg 1805w\" sizes=\"auto, (max-width: 1024px) 100vw, 1024px\" \/><\/figure>\n\n\n\n<figure class=\"wp-block-image size-large\"><img loading=\"lazy\" decoding=\"async\" width=\"1024\" height=\"484\" data-id=\"621\" src=\"https:\/\/germinal.com.br\/site\/wp-content\/uploads\/2021\/12\/forno_padaria-bairro-antonio-dias_ouropreto_interna-1024x484.jpg\" alt=\"\" class=\"wp-image-621\" srcset=\"https:\/\/germinal.com.br\/site\/wp-content\/uploads\/2021\/12\/forno_padaria-bairro-antonio-dias_ouropreto_interna-1024x484.jpg 1024w, https:\/\/germinal.com.br\/site\/wp-content\/uploads\/2021\/12\/forno_padaria-bairro-antonio-dias_ouropreto_interna-300x142.jpg 300w, https:\/\/germinal.com.br\/site\/wp-content\/uploads\/2021\/12\/forno_padaria-bairro-antonio-dias_ouropreto_interna-768x363.jpg 768w, https:\/\/germinal.com.br\/site\/wp-content\/uploads\/2021\/12\/forno_padaria-bairro-antonio-dias_ouropreto_interna-1536x726.jpg 1536w, https:\/\/germinal.com.br\/site\/wp-content\/uploads\/2021\/12\/forno_padaria-bairro-antonio-dias_ouropreto_interna-2048x968.jpg 2048w\" sizes=\"auto, (max-width: 1024px) 100vw, 1024px\" \/><\/figure>\n<\/figure>\n\n\n<div class=\"wp-block-image\">\n<figure class=\"alignright size-large is-resized\"><img loading=\"lazy\" decoding=\"async\" src=\"https:\/\/germinal.com.br\/site\/wp-content\/uploads\/2021\/12\/forno_padaria-germinal_resende-rj_1989-1024x711.jpg\" alt=\"Forno tradicional em Resende, RJ\" class=\"wp-image-628\" width=\"240\" height=\"166\" srcset=\"https:\/\/germinal.com.br\/site\/wp-content\/uploads\/2021\/12\/forno_padaria-germinal_resende-rj_1989-1024x711.jpg 1024w, https:\/\/germinal.com.br\/site\/wp-content\/uploads\/2021\/12\/forno_padaria-germinal_resende-rj_1989-300x208.jpg 300w, https:\/\/germinal.com.br\/site\/wp-content\/uploads\/2021\/12\/forno_padaria-germinal_resende-rj_1989-768x533.jpg 768w, https:\/\/germinal.com.br\/site\/wp-content\/uploads\/2021\/12\/forno_padaria-germinal_resende-rj_1989.jpg 1505w\" sizes=\"auto, (max-width: 240px) 100vw, 240px\" \/><\/figure>\n<\/div>\n\n\n<blockquote class=\"wp-block-quote is-layout-flow wp-block-quote-is-layout-flow\">\n<p><em>&#8220;Em 1988 constru\u00ed meu primeiro forno, em Resende, RJ, adaptando o que tinha aprendido. Trabalhei por dois anos, fazendo p\u00e3es integrais e biscoitos naturais, usando pela primeira vez a marca da <strong>Padaria Artesanal Germinal&#8221;<\/strong> <\/em>.<\/p>\n<\/blockquote>\n\n\n\n<figure class=\"wp-block-image alignwide size-full\"><img loading=\"lazy\" decoding=\"async\" width=\"802\" height=\"334\" src=\"https:\/\/germinal.com.br\/site\/wp-content\/uploads\/2021\/12\/rotulo_germinal_antigo-e1640190324238.jpg\" alt=\"\" class=\"wp-image-632\" srcset=\"https:\/\/germinal.com.br\/site\/wp-content\/uploads\/2021\/12\/rotulo_germinal_antigo-e1640190324238.jpg 802w, https:\/\/germinal.com.br\/site\/wp-content\/uploads\/2021\/12\/rotulo_germinal_antigo-e1640190324238-300x125.jpg 300w, https:\/\/germinal.com.br\/site\/wp-content\/uploads\/2021\/12\/rotulo_germinal_antigo-e1640190324238-768x320.jpg 768w\" sizes=\"auto, (max-width: 802px) 100vw, 802px\" \/><figcaption class=\"wp-element-caption\"> R\u00f3tulo dos biscoitos em 1989 <\/figcaption><\/figure>\n\n\n\n<p>De l\u00e1 para c\u00e1 muitos fornos foram feitos, muitos cursos ensinando a constru\u00ed-los. Mat\u00e9rias em revistas.<\/p>\n\n\n\n<figure class=\"wp-block-image size-large\"><img loading=\"lazy\" decoding=\"async\" width=\"1024\" height=\"363\" src=\"https:\/\/germinal.com.br\/site\/wp-content\/uploads\/2021\/12\/mostra_fornos-1024x363.jpg\" alt=\"\" class=\"wp-image-639\" srcset=\"https:\/\/germinal.com.br\/site\/wp-content\/uploads\/2021\/12\/mostra_fornos-1024x363.jpg 1024w, https:\/\/germinal.com.br\/site\/wp-content\/uploads\/2021\/12\/mostra_fornos-300x106.jpg 300w, https:\/\/germinal.com.br\/site\/wp-content\/uploads\/2021\/12\/mostra_fornos-768x272.jpg 768w, https:\/\/germinal.com.br\/site\/wp-content\/uploads\/2021\/12\/mostra_fornos.jpg 1475w\" sizes=\"auto, (max-width: 1024px) 100vw, 1024px\" \/><\/figure>\n\n\n\n<figure class=\"wp-block-image size-full\"><img loading=\"lazy\" decoding=\"async\" width=\"809\" height=\"421\" src=\"https:\/\/germinal.com.br\/site\/wp-content\/uploads\/2021\/12\/midia_fornos.jpg\" alt=\"\" class=\"wp-image-640\" srcset=\"https:\/\/germinal.com.br\/site\/wp-content\/uploads\/2021\/12\/midia_fornos.jpg 809w, https:\/\/germinal.com.br\/site\/wp-content\/uploads\/2021\/12\/midia_fornos-300x156.jpg 300w, https:\/\/germinal.com.br\/site\/wp-content\/uploads\/2021\/12\/midia_fornos-768x400.jpg 768w\" sizes=\"auto, (max-width: 809px) 100vw, 809px\" \/><\/figure>\n\n\n\n<p>At\u00e9 chegarmos ao forno do S\u00edtio Germinal e aos <strong><a href=\"https:\/\/germinal.com.br\/site\/atividades\/a-antiga-arte-de-construir-fornos\/\">Cursos Pr\u00e1ticos de Constru\u00e7\u00e3o de Forno Tradicional<\/a><\/strong>, tanto a vers\u00e3o familiar quanto a vers\u00e3o profissional.<\/p>\n\n\n\n<figure class=\"wp-block-image size-large\"><img loading=\"lazy\" decoding=\"async\" width=\"1024\" height=\"768\" src=\"https:\/\/germinal.com.br\/site\/wp-content\/uploads\/2021\/12\/20200426_154714-1024x768.jpg\" alt=\"\" class=\"wp-image-641\" srcset=\"https:\/\/germinal.com.br\/site\/wp-content\/uploads\/2021\/12\/20200426_154714-1024x768.jpg 1024w, https:\/\/germinal.com.br\/site\/wp-content\/uploads\/2021\/12\/20200426_154714-300x225.jpg 300w, https:\/\/germinal.com.br\/site\/wp-content\/uploads\/2021\/12\/20200426_154714-768x576.jpg 768w, https:\/\/germinal.com.br\/site\/wp-content\/uploads\/2021\/12\/20200426_154714-1536x1152.jpg 1536w, https:\/\/germinal.com.br\/site\/wp-content\/uploads\/2021\/12\/20200426_154714-2048x1536.jpg 2048w\" sizes=\"auto, (max-width: 1024px) 100vw, 1024px\" \/><\/figure>\n","protected":false},"excerpt":{"rendered":"<p>Essa p\u00e1gina est\u00e1 baseada nas pesquisas de J. Guilherme Rolim, iniciadas em 1982 em Ouro Preto e se estendendo at\u00e9 os dias de hoje, no S\u00edtio Germinal. Tudo come\u00e7a em uma padaria antiga, na rua Bernardo de Vasconcelos, bairro Ant\u00f4nio Dias, Ouro Preto, MG. Ali existiam dois grandes fornos, constru\u00eddos entre o final do s\u00e9culo&hellip;&nbsp;<a href=\"https:\/\/germinal.com.br\/site\/fornos-de-padaria\/\" rel=\"bookmark\">Continue a ler &raquo;<span class=\"screen-reader-text\">Fornos de padaria<\/span><\/a><\/p>\n","protected":false},"author":1,"featured_media":0,"parent":0,"menu_order":0,"comment_status":"closed","ping_status":"closed","template":"","meta":{"neve_meta_sidebar":"right","neve_meta_container":"","neve_meta_enable_content_width":"on","neve_meta_content_width":70,"neve_meta_title_alignment":"","neve_meta_author_avatar":"","neve_post_elements_order":"","neve_meta_disable_header":"","neve_meta_disable_footer":"","neve_meta_disable_title":"","footnotes":""},"class_list":["post-602","page","type-page","status-publish","hentry"],"featured_image_src":null,"_links":{"self":[{"href":"https:\/\/germinal.com.br\/site\/wp-json\/wp\/v2\/pages\/602","targetHints":{"allow":["GET"]}}],"collection":[{"href":"https:\/\/germinal.com.br\/site\/wp-json\/wp\/v2\/pages"}],"about":[{"href":"https:\/\/germinal.com.br\/site\/wp-json\/wp\/v2\/types\/page"}],"author":[{"embeddable":true,"href":"https:\/\/germinal.com.br\/site\/wp-json\/wp\/v2\/users\/1"}],"replies":[{"embeddable":true,"href":"https:\/\/germinal.com.br\/site\/wp-json\/wp\/v2\/comments?post=602"}],"version-history":[{"count":23,"href":"https:\/\/germinal.com.br\/site\/wp-json\/wp\/v2\/pages\/602\/revisions"}],"predecessor-version":[{"id":1755,"href":"https:\/\/germinal.com.br\/site\/wp-json\/wp\/v2\/pages\/602\/revisions\/1755"}],"wp:attachment":[{"href":"https:\/\/germinal.com.br\/site\/wp-json\/wp\/v2\/media?parent=602"}],"curies":[{"name":"wp","href":"https:\/\/api.w.org\/{rel}","templated":true}]}}

<p>Essa página está baseada nas pesquisas de J. Guilherme Rolim, iniciadas em 1982 em Ouro Preto e se estendendo até os dias de hoje, no Sítio Germinal.</p>


<div class="wp-block-image">
<figure class="alignleft size-full is-resized"><img loading="lazy" decoding="async" src="https://germinal.com.br/site/wp-content/uploads/2021/12/MVC-654F.jpg" alt="Forno tradicional em Florianópolis, SC" class="wp-image-615" width="312" height="234" srcset="https://germinal.com.br/site/wp-content/uploads/2021/12/MVC-654F.jpg 640w, https://germinal.com.br/site/wp-content/uploads/2021/12/MVC-654F-300x225.jpg 300w" sizes="auto, (max-width: 312px) 100vw, 312px" /></figure>
</div>


<p>Tudo começa em uma padaria antiga, na rua Bernardo de Vasconcelos, bairro Antônio Dias, Ouro Preto, MG. Ali existiam dois grandes fornos, construídos entre o final do século XIX e início do XX, um dos quais ainda em pleno uso na década de 1980. Seu princípio de funcionamento e elementos básicos de construção eram os mesmos utilizados desde a antiguidade. Coloca-se fogo na câmara, que é aquecida até &#8220;branquear&#8221;, quando então a câmara é fechada e o fogo retirado, ou extinto. O calor penetra a estrutura e mais tarde o forno é utilizado para assar alimentos.</p>


<div class="wp-block-image">
<figure class="alignright size-full is-resized"><img loading="lazy" decoding="async" src="https://germinal.com.br/site/wp-content/uploads/2021/12/forno_gr_lateral.gif" alt="forno_gr_lateral" class="wp-image-616" width="287" height="180"/></figure>
</div>


<p>O forno de Ouro Preto tinha 6m de diâmetro, duas fornalhas, condutos de calor por dentro da base, fazendo a fumaça circular, antes de sair pela chaminé. </p>



<p>A grande abóbada era coberta de areia, contida por paredes externas de alvenaria. Portas de ferro fundido.</p>



<div style="height:10px" aria-hidden="true" class="wp-block-spacer"></div>



<figure class="wp-block-gallery has-nested-images columns-default is-cropped wp-block-gallery-1 is-layout-flex wp-block-gallery-is-layout-flex">
<figure class="wp-block-image size-large"><img loading="lazy" decoding="async" width="1024" height="687" data-id="618" src="https://germinal.com.br/site/wp-content/uploads/2021/12/forno_padaria-bairro-antonio-dias_ouropreto-mg_1-1024x687.jpg" alt="" class="wp-image-618" srcset="https://germinal.com.br/site/wp-content/uploads/2021/12/forno_padaria-bairro-antonio-dias_ouropreto-mg_1-1024x687.jpg 1024w, https://germinal.com.br/site/wp-content/uploads/2021/12/forno_padaria-bairro-antonio-dias_ouropreto-mg_1-300x201.jpg 300w, https://germinal.com.br/site/wp-content/uploads/2021/12/forno_padaria-bairro-antonio-dias_ouropreto-mg_1-768x515.jpg 768w, https://germinal.com.br/site/wp-content/uploads/2021/12/forno_padaria-bairro-antonio-dias_ouropreto-mg_1-1536x1031.jpg 1536w, https://germinal.com.br/site/wp-content/uploads/2021/12/forno_padaria-bairro-antonio-dias_ouropreto-mg_1.jpg 1782w" sizes="auto, (max-width: 1024px) 100vw, 1024px" /></figure>



<figure class="wp-block-image size-large"><img loading="lazy" decoding="async" width="1024" height="684" data-id="619" src="https://germinal.com.br/site/wp-content/uploads/2021/12/forno_padaria-bairro-antonio-dias_ouropreto-mg_2-1024x684.jpg" alt="" class="wp-image-619" srcset="https://germinal.com.br/site/wp-content/uploads/2021/12/forno_padaria-bairro-antonio-dias_ouropreto-mg_2-1024x684.jpg 1024w, https://germinal.com.br/site/wp-content/uploads/2021/12/forno_padaria-bairro-antonio-dias_ouropreto-mg_2-300x201.jpg 300w, https://germinal.com.br/site/wp-content/uploads/2021/12/forno_padaria-bairro-antonio-dias_ouropreto-mg_2-768x513.jpg 768w, https://germinal.com.br/site/wp-content/uploads/2021/12/forno_padaria-bairro-antonio-dias_ouropreto-mg_2-1536x1027.jpg 1536w, https://germinal.com.br/site/wp-content/uploads/2021/12/forno_padaria-bairro-antonio-dias_ouropreto-mg_2-930x620.jpg 930w, https://germinal.com.br/site/wp-content/uploads/2021/12/forno_padaria-bairro-antonio-dias_ouropreto-mg_2.jpg 1788w" sizes="auto, (max-width: 1024px) 100vw, 1024px" /></figure>



<figure class="wp-block-image size-large"><img loading="lazy" decoding="async" width="1024" height="681" data-id="620" src="https://germinal.com.br/site/wp-content/uploads/2021/12/forno_padaria-bairro-antonio-dias_ouropreto-mg_4-1024x681.jpg" alt="" class="wp-image-620" srcset="https://germinal.com.br/site/wp-content/uploads/2021/12/forno_padaria-bairro-antonio-dias_ouropreto-mg_4-1024x681.jpg 1024w, https://germinal.com.br/site/wp-content/uploads/2021/12/forno_padaria-bairro-antonio-dias_ouropreto-mg_4-300x200.jpg 300w, https://germinal.com.br/site/wp-content/uploads/2021/12/forno_padaria-bairro-antonio-dias_ouropreto-mg_4-768x511.jpg 768w, https://germinal.com.br/site/wp-content/uploads/2021/12/forno_padaria-bairro-antonio-dias_ouropreto-mg_4-1536x1022.jpg 1536w, https://germinal.com.br/site/wp-content/uploads/2021/12/forno_padaria-bairro-antonio-dias_ouropreto-mg_4.jpg 1805w" sizes="auto, (max-width: 1024px) 100vw, 1024px" /></figure>



<figure class="wp-block-image size-large"><img loading="lazy" decoding="async" width="1024" height="484" data-id="621" src="https://germinal.com.br/site/wp-content/uploads/2021/12/forno_padaria-bairro-antonio-dias_ouropreto_interna-1024x484.jpg" alt="" class="wp-image-621" srcset="https://germinal.com.br/site/wp-content/uploads/2021/12/forno_padaria-bairro-antonio-dias_ouropreto_interna-1024x484.jpg 1024w, https://germinal.com.br/site/wp-content/uploads/2021/12/forno_padaria-bairro-antonio-dias_ouropreto_interna-300x142.jpg 300w, https://germinal.com.br/site/wp-content/uploads/2021/12/forno_padaria-bairro-antonio-dias_ouropreto_interna-768x363.jpg 768w, https://germinal.com.br/site/wp-content/uploads/2021/12/forno_padaria-bairro-antonio-dias_ouropreto_interna-1536x726.jpg 1536w, https://germinal.com.br/site/wp-content/uploads/2021/12/forno_padaria-bairro-antonio-dias_ouropreto_interna-2048x968.jpg 2048w" sizes="auto, (max-width: 1024px) 100vw, 1024px" /></figure>
</figure>


<div class="wp-block-image">
<figure class="alignright size-large is-resized"><img loading="lazy" decoding="async" src="https://germinal.com.br/site/wp-content/uploads/2021/12/forno_padaria-germinal_resende-rj_1989-1024x711.jpg" alt="Forno tradicional em Resende, RJ" class="wp-image-628" width="240" height="166" srcset="https://germinal.com.br/site/wp-content/uploads/2021/12/forno_padaria-germinal_resende-rj_1989-1024x711.jpg 1024w, https://germinal.com.br/site/wp-content/uploads/2021/12/forno_padaria-germinal_resende-rj_1989-300x208.jpg 300w, https://germinal.com.br/site/wp-content/uploads/2021/12/forno_padaria-germinal_resende-rj_1989-768x533.jpg 768w, https://germinal.com.br/site/wp-content/uploads/2021/12/forno_padaria-germinal_resende-rj_1989.jpg 1505w" sizes="auto, (max-width: 240px) 100vw, 240px" /></figure>
</div>


<blockquote class="wp-block-quote is-layout-flow wp-block-quote-is-layout-flow">
<p><em>&#8220;Em 1988 construí meu primeiro forno, em Resende, RJ, adaptando o que tinha aprendido. Trabalhei por dois anos, fazendo pães integrais e biscoitos naturais, usando pela primeira vez a marca da <strong>Padaria Artesanal Germinal&#8221;</strong> </em>.</p>
</blockquote>



<figure class="wp-block-image alignwide size-full"><img loading="lazy" decoding="async" width="802" height="334" src="https://germinal.com.br/site/wp-content/uploads/2021/12/rotulo_germinal_antigo-e1640190324238.jpg" alt="" class="wp-image-632" srcset="https://germinal.com.br/site/wp-content/uploads/2021/12/rotulo_germinal_antigo-e1640190324238.jpg 802w, https://germinal.com.br/site/wp-content/uploads/2021/12/rotulo_germinal_antigo-e1640190324238-300x125.jpg 300w, https://germinal.com.br/site/wp-content/uploads/2021/12/rotulo_germinal_antigo-e1640190324238-768x320.jpg 768w" sizes="auto, (max-width: 802px) 100vw, 802px" /><figcaption class="wp-element-caption"> Rótulo dos biscoitos em 1989 </figcaption></figure>



<p>De lá para cá muitos fornos foram feitos, muitos cursos ensinando a construí-los. Matérias em revistas.</p>



<figure class="wp-block-image size-large"><img loading="lazy" decoding="async" width="1024" height="363" src="https://germinal.com.br/site/wp-content/uploads/2021/12/mostra_fornos-1024x363.jpg" alt="" class="wp-image-639" srcset="https://germinal.com.br/site/wp-content/uploads/2021/12/mostra_fornos-1024x363.jpg 1024w, https://germinal.com.br/site/wp-content/uploads/2021/12/mostra_fornos-300x106.jpg 300w, https://germinal.com.br/site/wp-content/uploads/2021/12/mostra_fornos-768x272.jpg 768w, https://germinal.com.br/site/wp-content/uploads/2021/12/mostra_fornos.jpg 1475w" sizes="auto, (max-width: 1024px) 100vw, 1024px" /></figure>



<figure class="wp-block-image size-full"><img loading="lazy" decoding="async" width="809" height="421" src="https://germinal.com.br/site/wp-content/uploads/2021/12/midia_fornos.jpg" alt="" class="wp-image-640" srcset="https://germinal.com.br/site/wp-content/uploads/2021/12/midia_fornos.jpg 809w, https://germinal.com.br/site/wp-content/uploads/2021/12/midia_fornos-300x156.jpg 300w, https://germinal.com.br/site/wp-content/uploads/2021/12/midia_fornos-768x400.jpg 768w" sizes="auto, (max-width: 809px) 100vw, 809px" /></figure>



<p>Até chegarmos ao forno do Sítio Germinal e aos <strong><a href="https://germinal.com.br/site/atividades/a-antiga-arte-de-construir-fornos/">Cursos Práticos de Construção de Forno Tradicional</a></strong>, tanto a versão familiar quanto a versão profissional.</p>



<figure class="wp-block-image size-large"><img loading="lazy" decoding="async" width="1024" height="768" src="https://germinal.com.br/site/wp-content/uploads/2021/12/20200426_154714-1024x768.jpg" alt="" class="wp-image-641" srcset="https://germinal.com.br/site/wp-content/uploads/2021/12/20200426_154714-1024x768.jpg 1024w, https://germinal.com.br/site/wp-content/uploads/2021/12/20200426_154714-300x225.jpg 300w, https://germinal.com.br/site/wp-content/uploads/2021/12/20200426_154714-768x576.jpg 768w, https://germinal.com.br/site/wp-content/uploads/2021/12/20200426_154714-1536x1152.jpg 1536w, https://germinal.com.br/site/wp-content/uploads/2021/12/20200426_154714-2048x1536.jpg 2048w" sizes="auto, (max-width: 1024px) 100vw, 1024px" /></figure>

<p>Essa página está baseada nas pesquisas de J. Guilherme Rolim, iniciadas em 1982 em Ouro Preto e se estendendo até os dias de hoje, no Sítio Germinal. Tudo começa em uma padaria antiga, na rua Bernardo de Vasconcelos, bairro Antônio Dias, Ouro Preto, MG. Ali existiam dois grandes fornos, construídos entre o final do século&hellip;&nbsp;<a href="https://germinal.com.br/site/fornos-de-padaria/" rel="bookmark">Continue a ler &raquo;<span class="screen-reader-text">Fornos de padaria</span></a></p>
