{"id":854,"date":"2022-01-04T08:08:28","date_gmt":"2022-01-04T11:08:28","guid":{"rendered":"https:\/\/germinal.com.br\/site\/?page_id=854"},"modified":"2025-07-12T05:35:44","modified_gmt":"2025-07-12T08:35:44","slug":"outras-tecnologias-rudimentares","status":"publish","type":"page","link":"https:\/\/germinal.com.br\/site\/outras-tecnologias-rudimentares\/","title":{"rendered":"Outras tecnologias rudimentares"},"content":{"rendered":"\n<div class=\"wp-block-columns is-layout-flex wp-container-core-columns-is-layout-9d6595d7 wp-block-columns-is-layout-flex\">\n<div class=\"wp-block-column is-layout-flow wp-block-column-is-layout-flow\">\n<h3 class=\"wp-block-heading has-text-color\" style=\"color:#dd8220\">Torno r\u00fastico movido \u00e0 \u00e1gua<\/h3>\n\n\n\n<p>Essa mat\u00e9ria \u00e9 uma homenagem ao povo de Cachoeira do Brumado, Mariana, MG. \u00c0 sua criatividade e acolhimento. Tamb\u00e9m \u00e9 um memorial, pois o lugar onde essas fotos foram tiradas j\u00e1 n\u00e3o existe mais. A produ\u00e7\u00e3o de panelas continua, mas utiliza ferramentas modernas e outra t\u00e9cnica.<\/p>\n\n\n\n<figure class=\"wp-block-gallery has-nested-images columns-1 is-cropped wp-block-gallery-1 is-layout-flex wp-block-gallery-is-layout-flex\">\n<figure class=\"wp-block-image size-large\"><img loading=\"lazy\" decoding=\"async\" width=\"691\" height=\"1024\" data-id=\"743\" src=\"https:\/\/germinal.com.br\/site\/wp-content\/uploads\/2021\/12\/pedra-sabao1-691x1024.jpg\" alt=\"\" class=\"wp-image-743\" srcset=\"https:\/\/germinal.com.br\/site\/wp-content\/uploads\/2021\/12\/pedra-sabao1-691x1024.jpg 691w, https:\/\/germinal.com.br\/site\/wp-content\/uploads\/2021\/12\/pedra-sabao1-202x300.jpg 202w, https:\/\/germinal.com.br\/site\/wp-content\/uploads\/2021\/12\/pedra-sabao1-768x1139.jpg 768w, https:\/\/germinal.com.br\/site\/wp-content\/uploads\/2021\/12\/pedra-sabao1-1036x1536.jpg 1036w, https:\/\/germinal.com.br\/site\/wp-content\/uploads\/2021\/12\/pedra-sabao1.jpg 1200w\" sizes=\"auto, (max-width: 691px) 100vw, 691px\" \/><figcaption class=\"wp-element-caption\">A panela \u00e9 esbo\u00e7ada em um bloco de pedra sab\u00e3o<\/figcaption><\/figure>\n\n\n\n<figure class=\"wp-block-image size-large\"><img loading=\"lazy\" decoding=\"async\" width=\"1024\" height=\"683\" data-id=\"744\" src=\"https:\/\/germinal.com.br\/site\/wp-content\/uploads\/2021\/12\/pedra-sabao5-1024x683.jpg\" alt=\"\" class=\"wp-image-744\" srcset=\"https:\/\/germinal.com.br\/site\/wp-content\/uploads\/2021\/12\/pedra-sabao5-1024x683.jpg 1024w, https:\/\/germinal.com.br\/site\/wp-content\/uploads\/2021\/12\/pedra-sabao5-300x200.jpg 300w, https:\/\/germinal.com.br\/site\/wp-content\/uploads\/2021\/12\/pedra-sabao5-768x512.jpg 768w, https:\/\/germinal.com.br\/site\/wp-content\/uploads\/2021\/12\/pedra-sabao5-1536x1024.jpg 1536w, https:\/\/germinal.com.br\/site\/wp-content\/uploads\/2021\/12\/pedra-sabao5-930x620.jpg 930w, https:\/\/germinal.com.br\/site\/wp-content\/uploads\/2021\/12\/pedra-sabao5.jpg 1794w\" sizes=\"auto, (max-width: 1024px) 100vw, 1024px\" \/><figcaption class=\"wp-element-caption\">Torno em madeira do mato lavrada \u00e0 m\u00e3o<\/figcaption><\/figure>\n\n\n\n<figure class=\"wp-block-image size-large\"><img loading=\"lazy\" decoding=\"async\" width=\"1024\" height=\"674\" data-id=\"745\" src=\"https:\/\/germinal.com.br\/site\/wp-content\/uploads\/2021\/12\/pedra-sabao2-1024x674.jpg\" alt=\"\" class=\"wp-image-745\" srcset=\"https:\/\/germinal.com.br\/site\/wp-content\/uploads\/2021\/12\/pedra-sabao2-1024x674.jpg 1024w, https:\/\/germinal.com.br\/site\/wp-content\/uploads\/2021\/12\/pedra-sabao2-300x197.jpg 300w, https:\/\/germinal.com.br\/site\/wp-content\/uploads\/2021\/12\/pedra-sabao2-768x505.jpg 768w, https:\/\/germinal.com.br\/site\/wp-content\/uploads\/2021\/12\/pedra-sabao2-1536x1010.jpg 1536w, https:\/\/germinal.com.br\/site\/wp-content\/uploads\/2021\/12\/pedra-sabao2.jpg 1800w\" sizes=\"auto, (max-width: 1024px) 100vw, 1024px\" \/><figcaption class=\"wp-element-caption\">Geg\u00ea Barbudo trabalhando no torno<\/figcaption><\/figure>\n\n\n\n<figure class=\"wp-block-image size-large\"><img loading=\"lazy\" decoding=\"async\" width=\"1024\" height=\"686\" data-id=\"746\" src=\"https:\/\/germinal.com.br\/site\/wp-content\/uploads\/2021\/12\/pedra-sabao3-1024x686.jpg\" alt=\"\" class=\"wp-image-746\" srcset=\"https:\/\/germinal.com.br\/site\/wp-content\/uploads\/2021\/12\/pedra-sabao3-1024x686.jpg 1024w, https:\/\/germinal.com.br\/site\/wp-content\/uploads\/2021\/12\/pedra-sabao3-300x201.jpg 300w, https:\/\/germinal.com.br\/site\/wp-content\/uploads\/2021\/12\/pedra-sabao3-768x514.jpg 768w, https:\/\/germinal.com.br\/site\/wp-content\/uploads\/2021\/12\/pedra-sabao3-1536x1028.jpg 1536w, https:\/\/germinal.com.br\/site\/wp-content\/uploads\/2021\/12\/pedra-sabao3.jpg 1794w\" sizes=\"auto, (max-width: 1024px) 100vw, 1024px\" \/><figcaption class=\"wp-element-caption\"> Ari modelando uma panela <\/figcaption><\/figure>\n\n\n\n<figure class=\"wp-block-image size-large\"><img loading=\"lazy\" decoding=\"async\" width=\"693\" height=\"1024\" data-id=\"747\" src=\"https:\/\/germinal.com.br\/site\/wp-content\/uploads\/2021\/12\/pedra-sabao4-693x1024.jpg\" alt=\"\" class=\"wp-image-747\" srcset=\"https:\/\/germinal.com.br\/site\/wp-content\/uploads\/2021\/12\/pedra-sabao4-693x1024.jpg 693w, https:\/\/germinal.com.br\/site\/wp-content\/uploads\/2021\/12\/pedra-sabao4-203x300.jpg 203w, https:\/\/germinal.com.br\/site\/wp-content\/uploads\/2021\/12\/pedra-sabao4-768x1135.jpg 768w, https:\/\/germinal.com.br\/site\/wp-content\/uploads\/2021\/12\/pedra-sabao4-1039x1536.jpg 1039w, https:\/\/germinal.com.br\/site\/wp-content\/uploads\/2021\/12\/pedra-sabao4.jpg 1211w\" sizes=\"auto, (max-width: 693px) 100vw, 693px\" \/><figcaption class=\"wp-element-caption\">Ari modelando uma panela<\/figcaption><\/figure>\n\n\n\n<figure class=\"wp-block-image size-large\"><img loading=\"lazy\" decoding=\"async\" width=\"1024\" height=\"676\" data-id=\"748\" src=\"https:\/\/germinal.com.br\/site\/wp-content\/uploads\/2021\/12\/pedra-sabao6-1024x676.jpg\" alt=\"\" class=\"wp-image-748\" srcset=\"https:\/\/germinal.com.br\/site\/wp-content\/uploads\/2021\/12\/pedra-sabao6-1024x676.jpg 1024w, https:\/\/germinal.com.br\/site\/wp-content\/uploads\/2021\/12\/pedra-sabao6-300x198.jpg 300w, https:\/\/germinal.com.br\/site\/wp-content\/uploads\/2021\/12\/pedra-sabao6-768x507.jpg 768w, https:\/\/germinal.com.br\/site\/wp-content\/uploads\/2021\/12\/pedra-sabao6-1536x1014.jpg 1536w, https:\/\/germinal.com.br\/site\/wp-content\/uploads\/2021\/12\/pedra-sabao6.jpg 1794w\" sizes=\"auto, (max-width: 1024px) 100vw, 1024px\" \/><figcaption class=\"wp-element-caption\">Polia de madeira onde vai a correia<\/figcaption><\/figure>\n\n\n\n<figure class=\"wp-block-image size-large\"><img loading=\"lazy\" decoding=\"async\" width=\"1024\" height=\"684\" data-id=\"749\" src=\"https:\/\/germinal.com.br\/site\/wp-content\/uploads\/2021\/12\/pedra-sabao7-1024x684.jpg\" alt=\"\" class=\"wp-image-749\" srcset=\"https:\/\/germinal.com.br\/site\/wp-content\/uploads\/2021\/12\/pedra-sabao7-1024x684.jpg 1024w, https:\/\/germinal.com.br\/site\/wp-content\/uploads\/2021\/12\/pedra-sabao7-300x201.jpg 300w, https:\/\/germinal.com.br\/site\/wp-content\/uploads\/2021\/12\/pedra-sabao7-768x513.jpg 768w, https:\/\/germinal.com.br\/site\/wp-content\/uploads\/2021\/12\/pedra-sabao7-1536x1027.jpg 1536w, https:\/\/germinal.com.br\/site\/wp-content\/uploads\/2021\/12\/pedra-sabao7-930x620.jpg 930w, https:\/\/germinal.com.br\/site\/wp-content\/uploads\/2021\/12\/pedra-sabao7.jpg 1788w\" sizes=\"auto, (max-width: 1024px) 100vw, 1024px\" \/><figcaption class=\"wp-element-caption\">Roda d&#8217;\u00e1gua que faz girar a polia<\/figcaption><\/figure>\n\n\n\n<figure class=\"wp-block-image size-large\"><img loading=\"lazy\" decoding=\"async\" width=\"685\" height=\"1024\" data-id=\"750\" src=\"https:\/\/germinal.com.br\/site\/wp-content\/uploads\/2021\/12\/pedra-sabao8-685x1024.jpg\" alt=\"\" class=\"wp-image-750\" srcset=\"https:\/\/germinal.com.br\/site\/wp-content\/uploads\/2021\/12\/pedra-sabao8-685x1024.jpg 685w, https:\/\/germinal.com.br\/site\/wp-content\/uploads\/2021\/12\/pedra-sabao8-201x300.jpg 201w, https:\/\/germinal.com.br\/site\/wp-content\/uploads\/2021\/12\/pedra-sabao8-768x1148.jpg 768w, https:\/\/germinal.com.br\/site\/wp-content\/uploads\/2021\/12\/pedra-sabao8-1027x1536.jpg 1027w, https:\/\/germinal.com.br\/site\/wp-content\/uploads\/2021\/12\/pedra-sabao8.jpg 1194w\" sizes=\"auto, (max-width: 685px) 100vw, 685px\" \/><figcaption class=\"wp-element-caption\">Produto final<\/figcaption><\/figure>\n<\/figure>\n<\/div>\n\n\n\n<div class=\"wp-block-column is-layout-flow wp-block-column-is-layout-flow\">\n<h3 class=\"wp-block-heading has-text-color\" style=\"color:#dd8220\">Forno em produ\u00e7\u00e3o di\u00e1ria, 1994, ilha do Algodoal, Par\u00e1<\/h3>\n\n\n\n<p> Segundo o padeiro que o construiu, foi feito com barro do mangue e \u00e1gua do mar. <\/p>\n\n\n\n<figure class=\"wp-block-gallery has-nested-images columns-1 is-cropped wp-block-gallery-2 is-layout-flex wp-block-gallery-is-layout-flex\">\n<figure class=\"wp-block-image size-large\"><img loading=\"lazy\" decoding=\"async\" width=\"1024\" height=\"689\" data-id=\"759\" src=\"https:\/\/germinal.com.br\/site\/wp-content\/uploads\/2021\/12\/forno_agodoal-pa_1994_3-1024x689.jpg\" alt=\"\" class=\"wp-image-759\" srcset=\"https:\/\/germinal.com.br\/site\/wp-content\/uploads\/2021\/12\/forno_agodoal-pa_1994_3-1024x689.jpg 1024w, https:\/\/germinal.com.br\/site\/wp-content\/uploads\/2021\/12\/forno_agodoal-pa_1994_3-300x202.jpg 300w, https:\/\/germinal.com.br\/site\/wp-content\/uploads\/2021\/12\/forno_agodoal-pa_1994_3-768x517.jpg 768w, https:\/\/germinal.com.br\/site\/wp-content\/uploads\/2021\/12\/forno_agodoal-pa_1994_3-1536x1033.jpg 1536w, https:\/\/germinal.com.br\/site\/wp-content\/uploads\/2021\/12\/forno_agodoal-pa_1994_3.jpg 1794w\" sizes=\"auto, (max-width: 1024px) 100vw, 1024px\" \/><figcaption class=\"wp-element-caption\">A padaria<\/figcaption><\/figure>\n\n\n\n<figure class=\"wp-block-image size-large\"><img loading=\"lazy\" decoding=\"async\" width=\"1024\" height=\"689\" data-id=\"760\" src=\"https:\/\/germinal.com.br\/site\/wp-content\/uploads\/2021\/12\/forno_agodoal-pa_1994_1-1024x689.jpg\" alt=\"\" class=\"wp-image-760\" srcset=\"https:\/\/germinal.com.br\/site\/wp-content\/uploads\/2021\/12\/forno_agodoal-pa_1994_1-1024x689.jpg 1024w, https:\/\/germinal.com.br\/site\/wp-content\/uploads\/2021\/12\/forno_agodoal-pa_1994_1-300x202.jpg 300w, https:\/\/germinal.com.br\/site\/wp-content\/uploads\/2021\/12\/forno_agodoal-pa_1994_1-768x517.jpg 768w, https:\/\/germinal.com.br\/site\/wp-content\/uploads\/2021\/12\/forno_agodoal-pa_1994_1-1536x1033.jpg 1536w, https:\/\/germinal.com.br\/site\/wp-content\/uploads\/2021\/12\/forno_agodoal-pa_1994_1.jpg 1794w\" sizes=\"auto, (max-width: 1024px) 100vw, 1024px\" \/><figcaption class=\"wp-element-caption\">Linha de p\u00e3es esperando para entrar no forno<\/figcaption><\/figure>\n\n\n\n<figure class=\"wp-block-image size-large\"><img loading=\"lazy\" decoding=\"async\" width=\"1024\" height=\"688\" data-id=\"761\" src=\"https:\/\/germinal.com.br\/site\/wp-content\/uploads\/2021\/12\/forno_agodoal-pa_1994_4-1024x688.jpg\" alt=\"\" class=\"wp-image-761\" srcset=\"https:\/\/germinal.com.br\/site\/wp-content\/uploads\/2021\/12\/forno_agodoal-pa_1994_4-1024x688.jpg 1024w, https:\/\/germinal.com.br\/site\/wp-content\/uploads\/2021\/12\/forno_agodoal-pa_1994_4-300x202.jpg 300w, https:\/\/germinal.com.br\/site\/wp-content\/uploads\/2021\/12\/forno_agodoal-pa_1994_4-768x516.jpg 768w, https:\/\/germinal.com.br\/site\/wp-content\/uploads\/2021\/12\/forno_agodoal-pa_1994_4-1536x1032.jpg 1536w, https:\/\/germinal.com.br\/site\/wp-content\/uploads\/2021\/12\/forno_agodoal-pa_1994_4.jpg 1788w\" sizes=\"auto, (max-width: 1024px) 100vw, 1024px\" \/><figcaption class=\"wp-element-caption\">O forno<\/figcaption><\/figure>\n\n\n\n<figure class=\"wp-block-image size-large\"><img loading=\"lazy\" decoding=\"async\" width=\"1024\" height=\"689\" data-id=\"762\" src=\"https:\/\/germinal.com.br\/site\/wp-content\/uploads\/2021\/12\/forno_agodoal-pa_1994_2-1024x689.jpg\" alt=\"\" class=\"wp-image-762\" srcset=\"https:\/\/germinal.com.br\/site\/wp-content\/uploads\/2021\/12\/forno_agodoal-pa_1994_2-1024x689.jpg 1024w, https:\/\/germinal.com.br\/site\/wp-content\/uploads\/2021\/12\/forno_agodoal-pa_1994_2-300x202.jpg 300w, https:\/\/germinal.com.br\/site\/wp-content\/uploads\/2021\/12\/forno_agodoal-pa_1994_2-768x517.jpg 768w, https:\/\/germinal.com.br\/site\/wp-content\/uploads\/2021\/12\/forno_agodoal-pa_1994_2-1536x1033.jpg 1536w, https:\/\/germinal.com.br\/site\/wp-content\/uploads\/2021\/12\/forno_agodoal-pa_1994_2.jpg 1794w\" sizes=\"auto, (max-width: 1024px) 100vw, 1024px\" \/><figcaption class=\"wp-element-caption\">Assando os p\u00e3es<\/figcaption><\/figure>\n<\/figure>\n<\/div>\n\n\n\n<div class=\"wp-block-column is-layout-flow wp-block-column-is-layout-flow\">\n<h3 class=\"wp-block-heading has-text-color\" style=\"color:#dd8220\"> Fornos tradicionais<\/h3>\n\n\n\n<figure class=\"wp-block-gallery has-nested-images columns-1 is-cropped wp-block-gallery-3 is-layout-flex wp-block-gallery-is-layout-flex\">\n<figure class=\"wp-block-image size-large\"><img loading=\"lazy\" decoding=\"async\" width=\"1024\" height=\"678\" data-id=\"763\" src=\"https:\/\/germinal.com.br\/site\/wp-content\/uploads\/2021\/12\/forno_ilha-marajo_1994-1024x678.jpg\" alt=\"\" class=\"wp-image-763\" srcset=\"https:\/\/germinal.com.br\/site\/wp-content\/uploads\/2021\/12\/forno_ilha-marajo_1994-1024x678.jpg 1024w, https:\/\/germinal.com.br\/site\/wp-content\/uploads\/2021\/12\/forno_ilha-marajo_1994-300x199.jpg 300w, https:\/\/germinal.com.br\/site\/wp-content\/uploads\/2021\/12\/forno_ilha-marajo_1994-768x508.jpg 768w, https:\/\/germinal.com.br\/site\/wp-content\/uploads\/2021\/12\/forno_ilha-marajo_1994-1536x1016.jpg 1536w, https:\/\/germinal.com.br\/site\/wp-content\/uploads\/2021\/12\/forno_ilha-marajo_1994.jpg 1771w\" sizes=\"auto, (max-width: 1024px) 100vw, 1024px\" \/><figcaption class=\"wp-element-caption\">Ilha de Maraj\u00f3, PA<\/figcaption><\/figure>\n\n\n\n<figure class=\"wp-block-image size-large\"><img loading=\"lazy\" decoding=\"async\" width=\"1024\" height=\"683\" data-id=\"764\" src=\"https:\/\/germinal.com.br\/site\/wp-content\/uploads\/2021\/12\/forno_alcantara-ma_casarao-historico-1024x683.jpg\" alt=\"\" class=\"wp-image-764\" srcset=\"https:\/\/germinal.com.br\/site\/wp-content\/uploads\/2021\/12\/forno_alcantara-ma_casarao-historico-1024x683.jpg 1024w, https:\/\/germinal.com.br\/site\/wp-content\/uploads\/2021\/12\/forno_alcantara-ma_casarao-historico-300x200.jpg 300w, https:\/\/germinal.com.br\/site\/wp-content\/uploads\/2021\/12\/forno_alcantara-ma_casarao-historico-768x512.jpg 768w, https:\/\/germinal.com.br\/site\/wp-content\/uploads\/2021\/12\/forno_alcantara-ma_casarao-historico-1536x1025.jpg 1536w, https:\/\/germinal.com.br\/site\/wp-content\/uploads\/2021\/12\/forno_alcantara-ma_casarao-historico-930x620.jpg 930w, https:\/\/germinal.com.br\/site\/wp-content\/uploads\/2021\/12\/forno_alcantara-ma_casarao-historico.jpg 1800w\" sizes=\"auto, (max-width: 1024px) 100vw, 1024px\" \/><figcaption class=\"wp-element-caption\">Alc\u00e2ntara, MA<\/figcaption><\/figure>\n\n\n\n<figure class=\"wp-block-image size-large\"><img loading=\"lazy\" decoding=\"async\" width=\"685\" height=\"1024\" data-id=\"765\" src=\"https:\/\/germinal.com.br\/site\/wp-content\/uploads\/2021\/12\/forno_engenho_costa-da-lagoa-fpolis-sc_1991-685x1024.jpg\" alt=\"\" class=\"wp-image-765\" srcset=\"https:\/\/germinal.com.br\/site\/wp-content\/uploads\/2021\/12\/forno_engenho_costa-da-lagoa-fpolis-sc_1991-685x1024.jpg 685w, https:\/\/germinal.com.br\/site\/wp-content\/uploads\/2021\/12\/forno_engenho_costa-da-lagoa-fpolis-sc_1991-201x300.jpg 201w, https:\/\/germinal.com.br\/site\/wp-content\/uploads\/2021\/12\/forno_engenho_costa-da-lagoa-fpolis-sc_1991-768x1148.jpg 768w, https:\/\/germinal.com.br\/site\/wp-content\/uploads\/2021\/12\/forno_engenho_costa-da-lagoa-fpolis-sc_1991-1027x1536.jpg 1027w, https:\/\/germinal.com.br\/site\/wp-content\/uploads\/2021\/12\/forno_engenho_costa-da-lagoa-fpolis-sc_1991.jpg 1194w\" sizes=\"auto, (max-width: 685px) 100vw, 685px\" \/><figcaption class=\"wp-element-caption\">Costa da Lagoa, Fpolis, SC<\/figcaption><\/figure>\n\n\n\n<figure class=\"wp-block-image size-large\"><img loading=\"lazy\" decoding=\"async\" width=\"1024\" height=\"682\" data-id=\"766\" src=\"https:\/\/germinal.com.br\/site\/wp-content\/uploads\/2021\/12\/forno_campos-do-jordao-sp_1995_5-1024x682.jpg\" alt=\"\" class=\"wp-image-766\" srcset=\"https:\/\/germinal.com.br\/site\/wp-content\/uploads\/2021\/12\/forno_campos-do-jordao-sp_1995_5-1024x682.jpg 1024w, https:\/\/germinal.com.br\/site\/wp-content\/uploads\/2021\/12\/forno_campos-do-jordao-sp_1995_5-300x200.jpg 300w, https:\/\/germinal.com.br\/site\/wp-content\/uploads\/2021\/12\/forno_campos-do-jordao-sp_1995_5-768x512.jpg 768w, https:\/\/germinal.com.br\/site\/wp-content\/uploads\/2021\/12\/forno_campos-do-jordao-sp_1995_5-1536x1023.jpg 1536w, https:\/\/germinal.com.br\/site\/wp-content\/uploads\/2021\/12\/forno_campos-do-jordao-sp_1995_5-930x620.jpg 930w, https:\/\/germinal.com.br\/site\/wp-content\/uploads\/2021\/12\/forno_campos-do-jordao-sp_1995_5.jpg 1794w\" sizes=\"auto, (max-width: 1024px) 100vw, 1024px\" \/><figcaption class=\"wp-element-caption\">Campos do Jord\u00e3o, SP<\/figcaption><\/figure>\n\n\n\n<figure class=\"wp-block-image size-large\"><img loading=\"lazy\" decoding=\"async\" width=\"1024\" height=\"672\" data-id=\"767\" src=\"https:\/\/germinal.com.br\/site\/wp-content\/uploads\/2021\/12\/forno-caseiro_costa-da-lagoa-fpolis-sc_1991-1024x672.jpg\" alt=\"\" class=\"wp-image-767\" srcset=\"https:\/\/germinal.com.br\/site\/wp-content\/uploads\/2021\/12\/forno-caseiro_costa-da-lagoa-fpolis-sc_1991-1024x672.jpg 1024w, https:\/\/germinal.com.br\/site\/wp-content\/uploads\/2021\/12\/forno-caseiro_costa-da-lagoa-fpolis-sc_1991-300x197.jpg 300w, https:\/\/germinal.com.br\/site\/wp-content\/uploads\/2021\/12\/forno-caseiro_costa-da-lagoa-fpolis-sc_1991-768x504.jpg 768w, https:\/\/germinal.com.br\/site\/wp-content\/uploads\/2021\/12\/forno-caseiro_costa-da-lagoa-fpolis-sc_1991-1536x1009.jpg 1536w, https:\/\/germinal.com.br\/site\/wp-content\/uploads\/2021\/12\/forno-caseiro_costa-da-lagoa-fpolis-sc_1991.jpg 1794w\" sizes=\"auto, (max-width: 1024px) 100vw, 1024px\" \/><figcaption class=\"wp-element-caption\">Aproveitando o desn\u00edvel<\/figcaption><\/figure>\n\n\n\n<figure class=\"wp-block-image size-large\"><img loading=\"lazy\" decoding=\"async\" width=\"1024\" height=\"712\" data-id=\"768\" src=\"https:\/\/germinal.com.br\/site\/wp-content\/uploads\/2021\/12\/forno_bolivia-1024x712.jpg\" alt=\"\" class=\"wp-image-768\" srcset=\"https:\/\/germinal.com.br\/site\/wp-content\/uploads\/2021\/12\/forno_bolivia-1024x712.jpg 1024w, https:\/\/germinal.com.br\/site\/wp-content\/uploads\/2021\/12\/forno_bolivia-300x209.jpg 300w, https:\/\/germinal.com.br\/site\/wp-content\/uploads\/2021\/12\/forno_bolivia-768x534.jpg 768w, https:\/\/germinal.com.br\/site\/wp-content\/uploads\/2021\/12\/forno_bolivia-1536x1068.jpg 1536w, https:\/\/germinal.com.br\/site\/wp-content\/uploads\/2021\/12\/forno_bolivia.jpg 1753w\" sizes=\"auto, (max-width: 1024px) 100vw, 1024px\" \/><figcaption class=\"wp-element-caption\">Bol\u00edvia<\/figcaption><\/figure>\n<\/figure>\n<\/div>\n<\/div>\n","protected":false},"excerpt":{"rendered":"<p>Torno r\u00fastico movido \u00e0 \u00e1gua Essa mat\u00e9ria \u00e9 uma homenagem ao povo de Cachoeira do Brumado, Mariana, MG. \u00c0 sua criatividade e acolhimento. Tamb\u00e9m \u00e9 um memorial, pois o lugar onde essas fotos foram tiradas j\u00e1 n\u00e3o existe mais. A produ\u00e7\u00e3o de panelas continua, mas utiliza ferramentas modernas e outra t\u00e9cnica. Forno em produ\u00e7\u00e3o di\u00e1ria,&hellip;&nbsp;<a href=\"https:\/\/germinal.com.br\/site\/outras-tecnologias-rudimentares\/\" rel=\"bookmark\">Continue a ler &raquo;<span class=\"screen-reader-text\">Outras tecnologias rudimentares<\/span><\/a><\/p>\n","protected":false},"author":1,"featured_media":0,"parent":0,"menu_order":0,"comment_status":"closed","ping_status":"closed","template":"","meta":{"neve_meta_sidebar":"right","neve_meta_container":"","neve_meta_enable_content_width":"on","neve_meta_content_width":70,"neve_meta_title_alignment":"","neve_meta_author_avatar":"","neve_post_elements_order":"","neve_meta_disable_header":"","neve_meta_disable_footer":"","neve_meta_disable_title":"","footnotes":""},"class_list":["post-854","page","type-page","status-publish","hentry"],"featured_image_src":null,"_links":{"self":[{"href":"https:\/\/germinal.com.br\/site\/wp-json\/wp\/v2\/pages\/854","targetHints":{"allow":["GET"]}}],"collection":[{"href":"https:\/\/germinal.com.br\/site\/wp-json\/wp\/v2\/pages"}],"about":[{"href":"https:\/\/germinal.com.br\/site\/wp-json\/wp\/v2\/types\/page"}],"author":[{"embeddable":true,"href":"https:\/\/germinal.com.br\/site\/wp-json\/wp\/v2\/users\/1"}],"replies":[{"embeddable":true,"href":"https:\/\/germinal.com.br\/site\/wp-json\/wp\/v2\/comments?post=854"}],"version-history":[{"count":6,"href":"https:\/\/germinal.com.br\/site\/wp-json\/wp\/v2\/pages\/854\/revisions"}],"predecessor-version":[{"id":2059,"href":"https:\/\/germinal.com.br\/site\/wp-json\/wp\/v2\/pages\/854\/revisions\/2059"}],"wp:attachment":[{"href":"https:\/\/germinal.com.br\/site\/wp-json\/wp\/v2\/media?parent=854"}],"curies":[{"name":"wp","href":"https:\/\/api.w.org\/{rel}","templated":true}]}}