{"id":862,"date":"2022-01-04T08:36:27","date_gmt":"2022-01-04T11:36:27","guid":{"rendered":"https:\/\/germinal.com.br\/site\/?page_id=862"},"modified":"2023-07-02T08:59:00","modified_gmt":"2023-07-02T11:59:00","slug":"fornos-de-olaria","status":"publish","type":"page","link":"https:\/\/germinal.com.br\/site\/fornos-de-olaria\/","title":{"rendered":"Fornos de olaria"},"content":{"rendered":"\n<p>A arte da cer\u00e2mica, seja utilit\u00e1ria ou art\u00edstica, \u00e9 um caminho que o S\u00edtio Germinal pretende trilhar. Tanto na cria\u00e7\u00e3o e produ\u00e7\u00e3o de pe\u00e7as, quanto na aquisi\u00e7\u00e3o de conhecimento pr\u00e1tico na constru\u00e7\u00e3o de fornos para a queima das pe\u00e7as.<\/p>\n\n\n\n<figure class=\"wp-block-gallery has-nested-images columns-default is-cropped wp-block-gallery-1 is-layout-flex wp-block-gallery-is-layout-flex\">\n<figure class=\"wp-block-image size-large\"><img loading=\"lazy\" decoding=\"async\" width=\"683\" height=\"1024\" data-id=\"863\" src=\"https:\/\/germinal.com.br\/site\/wp-content\/uploads\/2022\/01\/ceramica_utilitaria_saoJose-sc_1-683x1024.jpg\" alt=\"\" class=\"wp-image-863\" srcset=\"https:\/\/germinal.com.br\/site\/wp-content\/uploads\/2022\/01\/ceramica_utilitaria_saoJose-sc_1-683x1024.jpg 683w, https:\/\/germinal.com.br\/site\/wp-content\/uploads\/2022\/01\/ceramica_utilitaria_saoJose-sc_1-200x300.jpg 200w, https:\/\/germinal.com.br\/site\/wp-content\/uploads\/2022\/01\/ceramica_utilitaria_saoJose-sc_1-768x1151.jpg 768w, https:\/\/germinal.com.br\/site\/wp-content\/uploads\/2022\/01\/ceramica_utilitaria_saoJose-sc_1-1025x1536.jpg 1025w, https:\/\/germinal.com.br\/site\/wp-content\/uploads\/2022\/01\/ceramica_utilitaria_saoJose-sc_1.jpg 1194w\" sizes=\"auto, (max-width: 683px) 100vw, 683px\" \/><figcaption class=\"wp-element-caption\">Cer\u00e2mica utilit\u00e1ria de S\u00e3o Jos\u00e9, SC<\/figcaption><\/figure>\n\n\n\n<figure class=\"wp-block-image size-large\"><img loading=\"lazy\" decoding=\"async\" width=\"1024\" height=\"679\" data-id=\"864\" src=\"https:\/\/germinal.com.br\/site\/wp-content\/uploads\/2022\/01\/ceramica_utilitaria_saoJose-sc_2-1024x679.jpg\" alt=\"\" class=\"wp-image-864\" srcset=\"https:\/\/germinal.com.br\/site\/wp-content\/uploads\/2022\/01\/ceramica_utilitaria_saoJose-sc_2-1024x679.jpg 1024w, https:\/\/germinal.com.br\/site\/wp-content\/uploads\/2022\/01\/ceramica_utilitaria_saoJose-sc_2-300x199.jpg 300w, https:\/\/germinal.com.br\/site\/wp-content\/uploads\/2022\/01\/ceramica_utilitaria_saoJose-sc_2-768x509.jpg 768w, https:\/\/germinal.com.br\/site\/wp-content\/uploads\/2022\/01\/ceramica_utilitaria_saoJose-sc_2-391x260.jpg 391w, https:\/\/germinal.com.br\/site\/wp-content\/uploads\/2022\/01\/ceramica_utilitaria_saoJose-sc_2-1536x1019.jpg 1536w, https:\/\/germinal.com.br\/site\/wp-content\/uploads\/2022\/01\/ceramica_utilitaria_saoJose-sc_2.jpg 1794w\" sizes=\"auto, (max-width: 1024px) 100vw, 1024px\" \/><figcaption class=\"wp-element-caption\"> Cer\u00e2mica utilit\u00e1ria de S\u00e3o Jos\u00e9, SC &#8211; Aspecto do forno<\/figcaption><\/figure>\n\n\n\n<figure class=\"wp-block-image size-large\"><img loading=\"lazy\" decoding=\"async\" width=\"691\" height=\"1024\" data-id=\"865\" src=\"https:\/\/germinal.com.br\/site\/wp-content\/uploads\/2022\/01\/ceramica_utilitaria_saoJose-sc_3-691x1024.jpg\" alt=\"\" class=\"wp-image-865\" srcset=\"https:\/\/germinal.com.br\/site\/wp-content\/uploads\/2022\/01\/ceramica_utilitaria_saoJose-sc_3-691x1024.jpg 691w, https:\/\/germinal.com.br\/site\/wp-content\/uploads\/2022\/01\/ceramica_utilitaria_saoJose-sc_3-202x300.jpg 202w, https:\/\/germinal.com.br\/site\/wp-content\/uploads\/2022\/01\/ceramica_utilitaria_saoJose-sc_3-768x1139.jpg 768w, https:\/\/germinal.com.br\/site\/wp-content\/uploads\/2022\/01\/ceramica_utilitaria_saoJose-sc_3-1036x1536.jpg 1036w, https:\/\/germinal.com.br\/site\/wp-content\/uploads\/2022\/01\/ceramica_utilitaria_saoJose-sc_3.jpg 1200w\" sizes=\"auto, (max-width: 691px) 100vw, 691px\" \/><figcaption class=\"wp-element-caption\"> Cer\u00e2mica utilit\u00e1ria de S\u00e3o Jos\u00e9, SC &#8211; Parte de tr\u00e1s &#8211; alimenta\u00e7\u00e3o<\/figcaption><\/figure>\n\n\n\n<figure class=\"wp-block-image size-large\"><img loading=\"lazy\" decoding=\"async\" width=\"695\" height=\"1024\" data-id=\"866\" src=\"https:\/\/germinal.com.br\/site\/wp-content\/uploads\/2022\/01\/forno_ceramica_icoaraci_fundCurroVelho-BelemDoPara-695x1024.jpg\" alt=\"\" class=\"wp-image-866\" srcset=\"https:\/\/germinal.com.br\/site\/wp-content\/uploads\/2022\/01\/forno_ceramica_icoaraci_fundCurroVelho-BelemDoPara-695x1024.jpg 695w, https:\/\/germinal.com.br\/site\/wp-content\/uploads\/2022\/01\/forno_ceramica_icoaraci_fundCurroVelho-BelemDoPara-204x300.jpg 204w, https:\/\/germinal.com.br\/site\/wp-content\/uploads\/2022\/01\/forno_ceramica_icoaraci_fundCurroVelho-BelemDoPara-768x1132.jpg 768w, https:\/\/germinal.com.br\/site\/wp-content\/uploads\/2022\/01\/forno_ceramica_icoaraci_fundCurroVelho-BelemDoPara-1042x1536.jpg 1042w, https:\/\/germinal.com.br\/site\/wp-content\/uploads\/2022\/01\/forno_ceramica_icoaraci_fundCurroVelho-BelemDoPara.jpg 1211w\" sizes=\"auto, (max-width: 695px) 100vw, 695px\" \/><figcaption class=\"wp-element-caption\">Forno utilizado nas cer\u00e2micas de Icoaraci, PA<\/figcaption><\/figure>\n\n\n\n<figure class=\"wp-block-image size-large\"><img loading=\"lazy\" decoding=\"async\" width=\"1024\" height=\"676\" data-id=\"867\" src=\"https:\/\/germinal.com.br\/site\/wp-content\/uploads\/2022\/01\/forno_ceramica_icoaraci_cursoSescPompeia-SP-1024x676.jpg\" alt=\"\" class=\"wp-image-867\" srcset=\"https:\/\/germinal.com.br\/site\/wp-content\/uploads\/2022\/01\/forno_ceramica_icoaraci_cursoSescPompeia-SP-1024x676.jpg 1024w, https:\/\/germinal.com.br\/site\/wp-content\/uploads\/2022\/01\/forno_ceramica_icoaraci_cursoSescPompeia-SP-300x198.jpg 300w, https:\/\/germinal.com.br\/site\/wp-content\/uploads\/2022\/01\/forno_ceramica_icoaraci_cursoSescPompeia-SP-768x507.jpg 768w, https:\/\/germinal.com.br\/site\/wp-content\/uploads\/2022\/01\/forno_ceramica_icoaraci_cursoSescPompeia-SP-1536x1014.jpg 1536w, https:\/\/germinal.com.br\/site\/wp-content\/uploads\/2022\/01\/forno_ceramica_icoaraci_cursoSescPompeia-SP.jpg 1794w\" sizes=\"auto, (max-width: 1024px) 100vw, 1024px\" \/><figcaption class=\"wp-element-caption\">Forno tipo Icoaraci constru\u00eddo num curso no Sesc-Pomp\u00e9ia, em 1995<\/figcaption><\/figure>\n\n\n\n<figure class=\"wp-block-image size-large\"><img loading=\"lazy\" decoding=\"async\" width=\"1024\" height=\"679\" data-id=\"868\" src=\"https:\/\/germinal.com.br\/site\/wp-content\/uploads\/2022\/01\/forno_olaria_osasco_3-1024x679.jpg\" alt=\"\" class=\"wp-image-868\" srcset=\"https:\/\/germinal.com.br\/site\/wp-content\/uploads\/2022\/01\/forno_olaria_osasco_3-1024x679.jpg 1024w, https:\/\/germinal.com.br\/site\/wp-content\/uploads\/2022\/01\/forno_olaria_osasco_3-300x199.jpg 300w, https:\/\/germinal.com.br\/site\/wp-content\/uploads\/2022\/01\/forno_olaria_osasco_3-768x509.jpg 768w, https:\/\/germinal.com.br\/site\/wp-content\/uploads\/2022\/01\/forno_olaria_osasco_3-391x260.jpg 391w, https:\/\/germinal.com.br\/site\/wp-content\/uploads\/2022\/01\/forno_olaria_osasco_3-1536x1019.jpg 1536w, https:\/\/germinal.com.br\/site\/wp-content\/uploads\/2022\/01\/forno_olaria_osasco_3.jpg 1794w\" sizes=\"auto, (max-width: 1024px) 100vw, 1024px\" \/><figcaption class=\"wp-element-caption\">Osasco, SP<\/figcaption><\/figure>\n\n\n\n<figure class=\"wp-block-image size-large\"><img loading=\"lazy\" decoding=\"async\" width=\"1024\" height=\"685\" data-id=\"870\" src=\"https:\/\/germinal.com.br\/site\/wp-content\/uploads\/2022\/01\/forno_olaria_osasco_4-1024x685.jpg\" alt=\"\" class=\"wp-image-870\" srcset=\"https:\/\/germinal.com.br\/site\/wp-content\/uploads\/2022\/01\/forno_olaria_osasco_4-1024x685.jpg 1024w, https:\/\/germinal.com.br\/site\/wp-content\/uploads\/2022\/01\/forno_olaria_osasco_4-300x201.jpg 300w, https:\/\/germinal.com.br\/site\/wp-content\/uploads\/2022\/01\/forno_olaria_osasco_4-768x514.jpg 768w, https:\/\/germinal.com.br\/site\/wp-content\/uploads\/2022\/01\/forno_olaria_osasco_4-1536x1027.jpg 1536w, https:\/\/germinal.com.br\/site\/wp-content\/uploads\/2022\/01\/forno_olaria_osasco_4.jpg 1788w\" sizes=\"auto, (max-width: 1024px) 100vw, 1024px\" \/><figcaption class=\"wp-element-caption\">Osasco, SP<\/figcaption><\/figure>\n<\/figure>\n","protected":false},"excerpt":{"rendered":"<p>A arte da cer\u00e2mica, seja utilit\u00e1ria ou art\u00edstica, \u00e9 um caminho que o S\u00edtio Germinal pretende trilhar. Tanto na cria\u00e7\u00e3o e produ\u00e7\u00e3o de pe\u00e7as, quanto na aquisi\u00e7\u00e3o de conhecimento pr\u00e1tico na constru\u00e7\u00e3o de fornos para a queima das pe\u00e7as.<\/p>\n","protected":false},"author":1,"featured_media":0,"parent":0,"menu_order":0,"comment_status":"closed","ping_status":"closed","template":"","meta":{"neve_meta_sidebar":"right","neve_meta_container":"","neve_meta_enable_content_width":"on","neve_meta_content_width":70,"neve_meta_title_alignment":"","neve_meta_author_avatar":"","neve_post_elements_order":"","neve_meta_disable_header":"","neve_meta_disable_footer":"","neve_meta_disable_title":"","footnotes":""},"class_list":["post-862","page","type-page","status-publish","hentry"],"featured_image_src":null,"_links":{"self":[{"href":"https:\/\/germinal.com.br\/site\/wp-json\/wp\/v2\/pages\/862","targetHints":{"allow":["GET"]}}],"collection":[{"href":"https:\/\/germinal.com.br\/site\/wp-json\/wp\/v2\/pages"}],"about":[{"href":"https:\/\/germinal.com.br\/site\/wp-json\/wp\/v2\/types\/page"}],"author":[{"embeddable":true,"href":"https:\/\/germinal.com.br\/site\/wp-json\/wp\/v2\/users\/1"}],"replies":[{"embeddable":true,"href":"https:\/\/germinal.com.br\/site\/wp-json\/wp\/v2\/comments?post=862"}],"version-history":[{"count":4,"href":"https:\/\/germinal.com.br\/site\/wp-json\/wp\/v2\/pages\/862\/revisions"}],"predecessor-version":[{"id":1765,"href":"https:\/\/germinal.com.br\/site\/wp-json\/wp\/v2\/pages\/862\/revisions\/1765"}],"wp:attachment":[{"href":"https:\/\/germinal.com.br\/site\/wp-json\/wp\/v2\/media?parent=862"}],"curies":[{"name":"wp","href":"https:\/\/api.w.org\/{rel}","templated":true}]}}