{"id":912,"date":"2022-01-15T08:28:00","date_gmt":"2022-01-15T11:28:00","guid":{"rendered":"https:\/\/germinal.com.br\/site\/?page_id=912"},"modified":"2023-07-02T08:36:28","modified_gmt":"2023-07-02T11:36:28","slug":"bioconstrucao","status":"publish","type":"page","link":"https:\/\/germinal.com.br\/site\/bioconstrucao\/","title":{"rendered":"Bioconstru\u00e7\u00e3o"},"content":{"rendered":"\n<p>Algumas experi\u00eancias se destacam no s\u00edtio, em <a rel=\"noreferrer noopener\" href=\"https:\/\/pt.wikipedia.org\/wiki\/Bioconstru%C3%A7%C3%A3o\" target=\"_blank\">bioconstru\u00e7\u00e3o<\/a>: <\/p>\n\n\n\n<figure class=\"wp-block-table padding-0\"><table><tbody><tr><td><a href=\"#muro-de-solocimento\"><img loading=\"lazy\" decoding=\"async\" width=\"120\" height=\"90\" class=\"wp-image-923\" style=\"width: 120px;\" src=\"https:\/\/germinal.com.br\/site\/wp-content\/uploads\/2022\/01\/DSCN2509-scaled.jpg\" alt=\"\" srcset=\"https:\/\/germinal.com.br\/site\/wp-content\/uploads\/2022\/01\/DSCN2509-scaled.jpg 2560w, https:\/\/germinal.com.br\/site\/wp-content\/uploads\/2022\/01\/DSCN2509-300x225.jpg 300w, https:\/\/germinal.com.br\/site\/wp-content\/uploads\/2022\/01\/DSCN2509-1024x768.jpg 1024w, https:\/\/germinal.com.br\/site\/wp-content\/uploads\/2022\/01\/DSCN2509-768x576.jpg 768w, https:\/\/germinal.com.br\/site\/wp-content\/uploads\/2022\/01\/DSCN2509-1536x1152.jpg 1536w, https:\/\/germinal.com.br\/site\/wp-content\/uploads\/2022\/01\/DSCN2509-2048x1536.jpg 2048w\" sizes=\"auto, (max-width: 120px) 100vw, 120px\" \/><\/a><\/td><td>Um muro usando <a rel=\"noreferrer noopener\" href=\"https:\/\/pt.wikipedia.org\/wiki\/Solo_cimento\" target=\"_blank\">solocimento<\/a>, emparedando uma cerca de arame.<\/td><\/tr><tr><td><a href=\"#casa\"><img loading=\"lazy\" decoding=\"async\" width=\"120\" height=\"90\" class=\"wp-image-942\" style=\"width: 120px;\" src=\"https:\/\/germinal.com.br\/site\/wp-content\/uploads\/2022\/01\/241066962_384756149870773_8481998692682989698_n.jpg\" alt=\"\" srcset=\"https:\/\/germinal.com.br\/site\/wp-content\/uploads\/2022\/01\/241066962_384756149870773_8481998692682989698_n.jpg 960w, https:\/\/germinal.com.br\/site\/wp-content\/uploads\/2022\/01\/241066962_384756149870773_8481998692682989698_n-300x225.jpg 300w, https:\/\/germinal.com.br\/site\/wp-content\/uploads\/2022\/01\/241066962_384756149870773_8481998692682989698_n-768x576.jpg 768w\" sizes=\"auto, (max-width: 120px) 100vw, 120px\" \/><\/a><\/td><td>A constru\u00e7\u00e3o de uma casa de <a rel=\"noreferrer noopener\" href=\"https:\/\/pt.wikipedia.org\/wiki\/Pau_a_pique\" target=\"_blank\">pau a pique<\/a>.<\/td><\/tr><tr><td><a href=\"#divisoria-de-taipa-de-pilao\"><img loading=\"lazy\" decoding=\"async\" width=\"120\" height=\"160\" class=\"wp-image-980\" style=\"width: 120px;\" src=\"https:\/\/germinal.com.br\/site\/wp-content\/uploads\/2022\/02\/DSCN2290.jpg\" alt=\"Divis\u00f3ria de taipa de pil\u00e3o\" srcset=\"https:\/\/germinal.com.br\/site\/wp-content\/uploads\/2022\/02\/DSCN2290.jpg 900w, https:\/\/germinal.com.br\/site\/wp-content\/uploads\/2022\/02\/DSCN2290-225x300.jpg 225w, https:\/\/germinal.com.br\/site\/wp-content\/uploads\/2022\/02\/DSCN2290-768x1024.jpg 768w, https:\/\/germinal.com.br\/site\/wp-content\/uploads\/2022\/02\/DSCN2290-300x400.jpg 300w\" sizes=\"auto, (max-width: 120px) 100vw, 120px\" \/><\/a><\/td><td>Divis\u00f3ria usando taipa de pil\u00e3o, com solocimento.<\/td><\/tr><tr><td><a href=\"#tanque-evapotranspiracao\"><img loading=\"lazy\" decoding=\"async\" width=\"120\" height=\"90\" class=\"wp-image-996\" style=\"width: 120px;\" src=\"https:\/\/germinal.com.br\/site\/wp-content\/uploads\/2022\/02\/DSCN2819-scaled.jpg\" alt=\"Tevap\" srcset=\"https:\/\/germinal.com.br\/site\/wp-content\/uploads\/2022\/02\/DSCN2819-scaled.jpg 2560w, https:\/\/germinal.com.br\/site\/wp-content\/uploads\/2022\/02\/DSCN2819-300x225.jpg 300w, https:\/\/germinal.com.br\/site\/wp-content\/uploads\/2022\/02\/DSCN2819-1024x768.jpg 1024w, https:\/\/germinal.com.br\/site\/wp-content\/uploads\/2022\/02\/DSCN2819-768x576.jpg 768w, https:\/\/germinal.com.br\/site\/wp-content\/uploads\/2022\/02\/DSCN2819-1536x1152.jpg 1536w, https:\/\/germinal.com.br\/site\/wp-content\/uploads\/2022\/02\/DSCN2819-2048x1536.jpg 2048w\" sizes=\"auto, (max-width: 120px) 100vw, 120px\" \/><\/a><\/td><td>Tanque de Evapotranspira\u00e7\u00e3o (conhecido por Tevap, ou Bet).<\/td><\/tr><\/tbody><\/table><\/figure>\n\n\n\n<h3 class=\"wp-block-heading\" id=\"muro-de-solocimento\">Muro de Solocimento<\/h3>\n\n\n\n<p>Nos anos 1970 o Mobral editou uma s\u00e9rie de cartilhas ensinando a fazer encanamentos com bambu, por exemplo, e mostrava como construir uma casa com terra, usando formas simples e misturando 10% de cimento. Baseado nessa ideia e em outras experi\u00eancias como a do arquiteto <a href=\"https:\/\/instituto.pindorama.org.br\/palestra-silabas2016\" target=\"_blank\" rel=\"noreferrer noopener\">Guido Loff<\/a>, optamos por construir um muro de barro em torno de uma cerca preexistente. Usando t\u00e1buas, estacas, cal\u00e7os e arame, amarrando formas em volta da cerca e preenchendo com uma mistura mole de barro e cimento. Depois de endurecida a massa resultou em um muro resistente, embora tenha sido poss\u00edvel tamb\u00e9m verificar diferen\u00e7as entre os diversos barros utilizados. Conforme esses resultados ser\u00e1 poss\u00edvel utilizar a t\u00e9cnica com mais efici\u00eancia, variando a dosagem de cimento e areia da mistura.<\/p>\n\n\n\n<figure class=\"wp-block-gallery has-nested-images columns-default is-cropped wp-block-gallery-1 is-layout-flex wp-block-gallery-is-layout-flex\">\n<figure class=\"wp-block-image size-large\"><img decoding=\"async\" src=\"https:\/\/germinal.com.br\/site\/wp-content\/uploads\/2022\/01\/DSCN2379-1024x768.jpg\" alt=\"\"\/><\/figure>\n\n\n\n<figure class=\"wp-block-image size-large\"><img decoding=\"async\" src=\"https:\/\/germinal.com.br\/site\/wp-content\/uploads\/2022\/01\/DSCN2387-1024x768.jpg\" alt=\"\"\/><\/figure>\n\n\n\n<figure class=\"wp-block-image size-large\"><img decoding=\"async\" src=\"https:\/\/germinal.com.br\/site\/wp-content\/uploads\/2022\/01\/125865312_413293199839264_3942910705660887582_n-1024x768.jpg\" alt=\"\"\/><\/figure>\n\n\n\n<figure class=\"wp-block-image size-large\"><img decoding=\"async\" src=\"https:\/\/germinal.com.br\/site\/wp-content\/uploads\/2022\/01\/DSCN2462-1024x768.jpg\" alt=\"\"\/><\/figure>\n\n\n\n<figure class=\"wp-block-image size-large\"><img decoding=\"async\" src=\"https:\/\/germinal.com.br\/site\/wp-content\/uploads\/2022\/01\/DSCN2492-1024x768.jpg\" alt=\"\"\/><\/figure>\n\n\n\n<figure class=\"wp-block-image size-large\"><img decoding=\"async\" src=\"https:\/\/germinal.com.br\/site\/wp-content\/uploads\/2022\/01\/DSCN2509-1024x768.jpg\" alt=\"\"\/><\/figure>\n<\/figure>\n\n\n\n<div style=\"height:20px\" aria-hidden=\"true\" id=\"casa\" class=\"wp-block-spacer\"><\/div>\n\n\n\n<h3 class=\"wp-block-heading\" id=\"casa-de-pau-a-pique\">Casa de pau a pique<\/h3>\n\n\n\n<p>Esse pequeno est\u00fadio constru\u00eddo junto \u00e0 mata trouxe alguns desafios. O barro saiu do buraco para o tanque de evapotranspira\u00e7\u00e3o. A madeira foi comprada, angelim serrado \ud83e\udd37\u200d\u2640\ufe0f. A estrutura de madeira foi em parte substitu\u00edda por um n\u00facleo forte, feito com tijolos manuais de <a rel=\"noreferrer noopener\" href=\"https:\/\/pt.wikipedia.org\/wiki\/Alagoa_Nova\" target=\"_blank\">Alagoa Nova<\/a>, assim como colunas feitas com esse mesmo tijolo. Essa obra foi feita durante a pandemia e muitas solu\u00e7\u00f5es foram as que estavam dispon\u00edveis, dentro de um quadro de isolamento social. O resultado pode ser visto nas fotos a seguir.<\/p>\n\n\n\n<figure class=\"wp-block-gallery has-nested-images columns-default is-cropped wp-block-gallery-2 is-layout-flex wp-block-gallery-is-layout-flex\">\n<figure class=\"wp-block-image size-large\"><img decoding=\"async\" src=\"https:\/\/germinal.com.br\/site\/wp-content\/uploads\/2022\/01\/DSCN2413-1024x768.jpg\" alt=\"\"\/><\/figure>\n\n\n\n<figure class=\"wp-block-image size-large\"><img decoding=\"async\" src=\"https:\/\/germinal.com.br\/site\/wp-content\/uploads\/2022\/01\/128051922_821040178728766_515193790734399826_n.jpg\" alt=\"\"\/><\/figure>\n\n\n\n<figure class=\"wp-block-image size-large\"><img decoding=\"async\" src=\"https:\/\/germinal.com.br\/site\/wp-content\/uploads\/2022\/01\/DSCN2529-1024x768.jpg\" alt=\"\"\/><\/figure>\n\n\n\n<figure class=\"wp-block-image size-large\"><img decoding=\"async\" src=\"https:\/\/germinal.com.br\/site\/wp-content\/uploads\/2022\/01\/134087357_148675977018558_4347196569223444080_n-1024x768.jpg\" alt=\"\"\/><\/figure>\n\n\n\n<figure class=\"wp-block-image size-large\"><img decoding=\"async\" src=\"https:\/\/germinal.com.br\/site\/wp-content\/uploads\/2022\/01\/137289241_395455384890929_1149220750461239265_n.jpg\" alt=\"\"\/><\/figure>\n\n\n\n<figure class=\"wp-block-image size-large\"><img decoding=\"async\" src=\"https:\/\/germinal.com.br\/site\/wp-content\/uploads\/2022\/01\/139941234_165926158616315_4835490543911000554_n-1024x768.jpg\" alt=\"\"\/><\/figure>\n\n\n\n<figure class=\"wp-block-image size-large\"><img decoding=\"async\" src=\"https:\/\/germinal.com.br\/site\/wp-content\/uploads\/2022\/01\/DSCN2580-1024x768.jpg\" alt=\"\"\/><\/figure>\n\n\n\n<figure class=\"wp-block-image size-large\"><img decoding=\"async\" src=\"https:\/\/germinal.com.br\/site\/wp-content\/uploads\/2022\/01\/DSCN2573-1024x768.jpg\" alt=\"\"\/><\/figure>\n\n\n\n<figure class=\"wp-block-image size-large\"><img decoding=\"async\" src=\"https:\/\/germinal.com.br\/site\/wp-content\/uploads\/2022\/01\/DSCN2594-1024x768.jpg\" alt=\"\"\/><\/figure>\n\n\n\n<figure class=\"wp-block-image size-large\"><img decoding=\"async\" src=\"https:\/\/germinal.com.br\/site\/wp-content\/uploads\/2022\/01\/DSCN2623-1024x768.jpg\" alt=\"\"\/><\/figure>\n\n\n\n<figure class=\"wp-block-image size-large\"><img decoding=\"async\" src=\"https:\/\/germinal.com.br\/site\/wp-content\/uploads\/2022\/01\/148926158_701462890539273_7911941798808302619_n.jpg\" alt=\"\"\/><\/figure>\n\n\n\n<figure class=\"wp-block-image size-large\"><img decoding=\"async\" src=\"https:\/\/germinal.com.br\/site\/wp-content\/uploads\/2022\/01\/DSCN2701-1024x768.jpg\" alt=\"\"\/><\/figure>\n\n\n\n<figure class=\"wp-block-image size-large\"><img decoding=\"async\" src=\"https:\/\/germinal.com.br\/site\/wp-content\/uploads\/2022\/01\/164016943_731310514418694_4147700333012239653_n.jpg\" alt=\"\"\/><\/figure>\n\n\n\n<figure class=\"wp-block-image size-large\"><img decoding=\"async\" src=\"https:\/\/germinal.com.br\/site\/wp-content\/uploads\/2022\/01\/179521682_298592685090425_520349072044136073_n-1024x768.jpg\" alt=\"\"\/><\/figure>\n\n\n\n<figure class=\"wp-block-image size-large\"><img decoding=\"async\" src=\"https:\/\/germinal.com.br\/site\/wp-content\/uploads\/2022\/01\/179304838_176195741032469_8648414095563033620_n-1024x768.jpg\" alt=\"\"\/><\/figure>\n\n\n\n<figure class=\"wp-block-image size-large\"><img decoding=\"async\" src=\"https:\/\/germinal.com.br\/site\/wp-content\/uploads\/2022\/01\/DSCN2811-1024x768.jpg\" alt=\"\"\/><\/figure>\n\n\n\n<figure class=\"wp-block-image size-large\"><img decoding=\"async\" src=\"https:\/\/germinal.com.br\/site\/wp-content\/uploads\/2022\/01\/241329462_885535005430743_5566959625211843924_n.jpg\" alt=\"\"\/><\/figure>\n\n\n\n<figure class=\"wp-block-image size-large\"><img decoding=\"async\" src=\"https:\/\/germinal.com.br\/site\/wp-content\/uploads\/2022\/01\/241066962_384756149870773_8481998692682989698_n.jpg\" alt=\"\"\/><\/figure>\n<\/figure>\n\n\n\n<div style=\"height:20px\" aria-hidden=\"true\" id=\"casa\" class=\"wp-block-spacer\"><\/div>\n\n\n\n<h3 class=\"wp-block-heading\" id=\"divisoria-de-taipa-de-pilao\">Divis\u00f3ria de taipa de pil\u00e3o<\/h3>\n\n\n\n<p>Uma divis\u00f3ria j\u00e1 traz consigo a ideias de que essa parede n\u00e3o faz parte da estrutura da casa, n\u00e3o suporta peso. Nessa experi\u00eancia colocamos r\u00e9guas de madeira unindo o piso \u00e0 laje (10 x 2 cm). Essas r\u00e9guas serviram de guias e suporte para as formas de madeira. O espa\u00e7o entre as r\u00e9guas foi preenchido com uma mistura de barro com 10% de cimento (este devido \u00e0 pouca espessura da parede). Ao final as r\u00e9guas deram firmeza lateral ao conjunto.<\/p>\n\n\n\n<figure class=\"wp-block-gallery has-nested-images columns-default is-cropped wp-block-gallery-3 is-layout-flex wp-block-gallery-is-layout-flex\">\n<figure class=\"wp-block-image size-large\"><img decoding=\"async\" src=\"https:\/\/germinal.com.br\/site\/wp-content\/uploads\/2022\/02\/DSCN2270-1024x768.jpg\" alt=\"\"\/><\/figure>\n\n\n\n<figure class=\"wp-block-image size-large\"><img decoding=\"async\" src=\"https:\/\/germinal.com.br\/site\/wp-content\/uploads\/2022\/02\/56718550_424344034803555_6983313852007972864_n-1024x614.jpg\" alt=\"\"\/><\/figure>\n\n\n\n<figure class=\"wp-block-image size-large\"><img decoding=\"async\" src=\"https:\/\/germinal.com.br\/site\/wp-content\/uploads\/2022\/02\/DSCN2296-1024x768.jpg\" alt=\"\"\/><\/figure>\n<\/figure>\n\n\n\n<div style=\"height:20px\" aria-hidden=\"true\" id=\"casa\" class=\"wp-block-spacer\"><\/div>\n\n\n\n<h3 class=\"wp-block-heading\" id=\"tanque-evapotranspiracao\">Tanque de Evapotranspira\u00e7\u00e3o<\/h3>\n\n\n\n<p>Essa solu\u00e7\u00e3o para \u00e1guas imundas foi adotada aqui no s\u00edtio para substituir o modelo convencional no meio rural brasileiro, que \u00e9 a fossa\/sumidouro. Serve a duas casas.<\/p>\n\n\n\n<p>Trata-se de um tanque vedado, cujo conte\u00fado n\u00e3o infiltra na terra, onde a mat\u00e9ria org\u00e2nica \u00e9 consumida por bact\u00e9rias anaer\u00f3bicas e o l\u00edquido passa por material filtrante, subindo at\u00e9 plantas de folhas largas plantadas em cima, que se encarregam de evapor\u00e1-la.<\/p>\n\n\n\n<figure class=\"wp-block-gallery has-nested-images columns-default is-cropped wp-block-gallery-4 is-layout-flex wp-block-gallery-is-layout-flex\">\n<figure class=\"wp-block-image size-large\"><img decoding=\"async\" src=\"https:\/\/germinal.com.br\/site\/wp-content\/uploads\/2022\/02\/DSCN2641-1024x768.jpg\" alt=\"\"\/><\/figure>\n\n\n\n<figure class=\"wp-block-image size-large\"><img decoding=\"async\" src=\"https:\/\/germinal.com.br\/site\/wp-content\/uploads\/2022\/02\/DSCN2692-1024x768.jpg\" alt=\"\"\/><\/figure>\n\n\n\n<figure class=\"wp-block-image size-large\"><img decoding=\"async\" src=\"https:\/\/germinal.com.br\/site\/wp-content\/uploads\/2022\/02\/DSCN2712-1024x768.jpg\" alt=\"\"\/><\/figure>\n\n\n\n<figure class=\"wp-block-image size-large\"><img decoding=\"async\" src=\"https:\/\/germinal.com.br\/site\/wp-content\/uploads\/2022\/02\/DSCN2729-1024x768.jpg\" alt=\"\"\/><\/figure>\n\n\n\n<figure class=\"wp-block-image size-large\"><img decoding=\"async\" src=\"https:\/\/germinal.com.br\/site\/wp-content\/uploads\/2022\/02\/DSCN2799-1024x768.jpg\" alt=\"\"\/><\/figure>\n\n\n\n<figure class=\"wp-block-image size-large\"><img decoding=\"async\" src=\"https:\/\/germinal.com.br\/site\/wp-content\/uploads\/2022\/02\/DSCN2819-1-1024x768.jpg\" alt=\"\"\/><\/figure>\n<\/figure>\n","protected":false},"excerpt":{"rendered":"<p>Algumas experi\u00eancias se destacam no s\u00edtio, em bioconstru\u00e7\u00e3o: Um muro usando solocimento, emparedando uma cerca de arame. A constru\u00e7\u00e3o de uma casa de pau a pique. Divis\u00f3ria usando taipa de pil\u00e3o, com solocimento. Tanque de Evapotranspira\u00e7\u00e3o (conhecido por Tevap, ou Bet). Muro de Solocimento Nos anos 1970 o Mobral editou uma s\u00e9rie de cartilhas ensinando&hellip;&nbsp;<a href=\"https:\/\/germinal.com.br\/site\/bioconstrucao\/\" rel=\"bookmark\">Continue a ler &raquo;<span class=\"screen-reader-text\">Bioconstru\u00e7\u00e3o<\/span><\/a><\/p>\n","protected":false},"author":1,"featured_media":913,"parent":0,"menu_order":0,"comment_status":"closed","ping_status":"closed","template":"","meta":{"neve_meta_sidebar":"right","neve_meta_container":"","neve_meta_enable_content_width":"on","neve_meta_content_width":70,"neve_meta_title_alignment":"","neve_meta_author_avatar":"","neve_post_elements_order":"","neve_meta_disable_header":"","neve_meta_disable_footer":"","neve_meta_disable_title":"","footnotes":""},"class_list":["post-912","page","type-page","status-publish","has-post-thumbnail","hentry"],"featured_image_src":"https:\/\/germinal.com.br\/site\/wp-content\/uploads\/2022\/01\/148666638_1047301405748036_1637481164180476378_n.jpg","_links":{"self":[{"href":"https:\/\/germinal.com.br\/site\/wp-json\/wp\/v2\/pages\/912","targetHints":{"allow":["GET"]}}],"collection":[{"href":"https:\/\/germinal.com.br\/site\/wp-json\/wp\/v2\/pages"}],"about":[{"href":"https:\/\/germinal.com.br\/site\/wp-json\/wp\/v2\/types\/page"}],"author":[{"embeddable":true,"href":"https:\/\/germinal.com.br\/site\/wp-json\/wp\/v2\/users\/1"}],"replies":[{"embeddable":true,"href":"https:\/\/germinal.com.br\/site\/wp-json\/wp\/v2\/comments?post=912"}],"version-history":[{"count":31,"href":"https:\/\/germinal.com.br\/site\/wp-json\/wp\/v2\/pages\/912\/revisions"}],"predecessor-version":[{"id":1762,"href":"https:\/\/germinal.com.br\/site\/wp-json\/wp\/v2\/pages\/912\/revisions\/1762"}],"wp:featuredmedia":[{"embeddable":true,"href":"https:\/\/germinal.com.br\/site\/wp-json\/wp\/v2\/media\/913"}],"wp:attachment":[{"href":"https:\/\/germinal.com.br\/site\/wp-json\/wp\/v2\/media?parent=912"}],"curies":[{"name":"wp","href":"https:\/\/api.w.org\/{rel}","templated":true}]}}